57.141.6.67 - - [19/Sep/2025:23:49:54 +0300] "GET /?o=03795115381800& HTTP/1.1" 200 7847 "-" "meta-externalagent/1.1 (+https://developers.facebook.com/docs/sharing/webmasters/crawler)"
66.249.70.67 - - [19/Sep/2025:23:50:29 +0300] "GET /?o=81211151207202&channel=14d49b&from=info.php%3Fid%3D1512072-4416%26name%3D%E3%83%8F%E3%83%B3%E3%82%B0%E3%83%97%E3%83%A9%E3%83%B3%E3%82%BF%E3%83%BC%E3%80%81%E6%9C%A8%E8%A3%BD%E3%82%A6%E3%82%A9%E3%83%BC%E3%83%AB%E3%83%97%E3%83%A9%E3%83%B3%E3%82%BF%E3%83%BC%E8%8A%B1%E7%93%B6+%7C+%E7%B4%A0%E6%9C%B4%E3%81%AA%E8%BE%B2%E5%AE%B6%E3%81%AE%E5%A3%81%E3%83%97%E3%83%A9%E3%83%B3%E3%82%BF%E3%83%BC%E3%80%81%E9%95%B7%E3%81%84%E5%90%8A%E3%82%8A%E7%B4%90%E4%BB%98%E3%81%8D+%7C+%E6%9C%A8%E7%B2%98%E5%9C%9F%E5%A3%81%E6%8E%9B%E3%81%91%E3%83%97%E3%83%A9%E3%83%B3%E3%82%BF%E3%83%BC%E3%83%95%E3%83%A9%E3%83%AF%E3%83%BC%E3%83%9B%E3%83%AB%E3%83%80 HTTP/1.1" 200 7847 "-" "Mozilla/5.0 (Linux; Android 6.0.1; Nexus 5X Build/MMB29P) AppleWebKit/537.36 (KHTML, like Gecko) Chrome/140.0.7339.127 Mobile Safari/537.36 (compatible; Googlebot/2.1; +http://www.google.com/bot.html)"
57.141.6.27 - - [19/Sep/2025:23:50:32 +0300] "GET /?o=9787976569401& HTTP/1.1" 200 7847 "-" "meta-externalagent/1.1 (+https://developers.facebook.com/docs/sharing/webmasters/crawler)"
57.141.6.17 - - [19/Sep/2025:23:51:39 +0300] "GET /?o=94266161106105& HTTP/1.1" 200 7847 "-" "meta-externalagent/1.1 (+https://developers.facebook.com/docs/sharing/webmasters/crawler)"
66.249.70.67 - - [19/Sep/2025:23:52:13 +0300] "GET /?o=81112142608104&channel=8b8b82&from=category-info.php%3Fid%3D1426081-21130%26name%3D%E5%B0%8F%E5%9E%8B%E3%82%BD%E3%83%BC%E3%82%B9%E5%AE%B9%E5%99%A8+%E3%83%95%E3%82%BF%E4%BB%98%E3%81%8D%2C%E3%82%B9%E3%83%86%E3%83%B3%E3%83%AC%E3%82%B9%E8%A3%BD%E3%82%B5%E3%83%A9%E3%83%80%E3%83%89%E3%83%AC%E3%83%83%E3%82%B7%E3%83%B3%E3%82%B0%E5%AE%B9%E5%99%A8+-+%E6%BC%8F%E3%82%8C%E9%98%B2%E6%AD%A2%E3%82%B9%E3%83%86%E3%83%B3%E3%83%AC%E3%82%B9%E8%A3%BD%E3%82%AB%E3%83%83%E3%83%97+%E3%82%AD%E3%83%A3%E3%83%B3%E3%83%97+%E6%98%BC%E9%A3%9F+%E6%97%85%E8%A1%8C+%E5%AD%A6%E6%A0%A1+%E3%83%94%E3%82%AF%E3%83%8B%E3%83%83%E3%82%AF HTTP/1.1" 200 7847 "-" "Mozilla/5.0 (Linux; Android 6.0.1; Nexus 5X Build/MMB29P) AppleWebKit/537.36 (KHTML, like Gecko) Chrome/140.0.7339.127 Mobile Safari/537.36 (compatible; Googlebot/2.1; +http://www.google.com/bot.html)"
66.249.70.65 - - [19/Sep/2025:23:52:46 +0300] "GET /?o=229093995300&channel=c047f0&from=goods.php%3Fid%3D39953-4508%26name%3D%E7%BE%8E%E5%93%81+%E3%82%AF%E3%83%AA%E3%82%B9%E3%83%88%E3%83%95%E3%83%AB+%E3%83%9E%E3%83%AB%E3%83%A1%E3%82%BE%E3%83%B3+%E3%83%86%E3%83%BC%E3%83%96%E3%83%AB%E3%83%8A%E3%82%A4%E3%83%95+%E3%83%86%E3%83%BC%E3%83%96%E3%83%AB%E3%83%95%E3%82%A9%E3%83%BC%E3%82%AF+6%E7%82%B9 HTTP/1.1" 200 7847 "-" "Mozilla/5.0 (Linux; Android 6.0.1; Nexus 5X Build/MMB29P) AppleWebKit/537.36 (KHTML, like Gecko) Chrome/140.0.7339.127 Mobile Safari/537.36 (compatible; Googlebot/2.1; +http://www.google.com/bot.html)"
66.249.70.66 - - [19/Sep/2025:23:52:48 +0300] "GET /?o=96486153635802&channel=a92e14&from=pin.php%3Fid%3D1536358-13700%26name%3DPearlGirl+5D+DIY%E3%83%80%E3%82%A4%E3%83%A4%E3%83%A2%E3%83%B3%E3%83%89%E3%82%A2%E3%83%BC%E3%83%88+%E3%82%B9%E3%83%86%E3%83%83%E3%82%AB%E3%83%BC+%E5%AD%90%E4%BE%9B%E7%94%A821%E6%9E%9A%E5%85%A5%E3%82%B3%E3%83%BC%E3%83%92%E3%83%BC+%E3%83%AC%E3%83%A2%E3%83%B3+%E3%81%AF%E3%81%A1%E3%81%BF%E3%81%A4+%E7%B4%85%E8%8C%B6+%E3%83%89%E3%83%AA%E3%83%B3%E3%82%AF+%E3%82%B9%E3%83%86%E3%83%83%E3%82%AB%E3%83%BC HTTP/1.1" 200 7847 "-" "Mozilla/5.0 (Linux; Android 6.0.1; Nexus 5X Build/MMB29P) AppleWebKit/537.36 (KHTML, like Gecko) Chrome/140.0.7339.127 Mobile Safari/537.36 (compatible; Googlebot/2.1; +http://www.google.com/bot.html)"
66.249.70.65 - - [19/Sep/2025:23:52:58 +0300] "GET /?o=97853111651200&channel=61749c&from=pin.php%3Fid%3D1116512-15975%26name%3D%5BSARDFXUL%5D+%E5%88%BA%E7%B9%8D%E3%81%AE%E8%8A%B1%E3%81%AE%E7%99%BD%E3%81%84%E3%83%A1%E3%83%83%E3%82%B7%E3%83%A5%E3%81%AE%E5%A5%B3%E6%80%A7%E3%81%AE%E3%81%9F%E3%82%81%E3%81%AE%E8%AA%A4%E3%81%A3%E3%81%9F%E8%A5%9F%E3%82%A8%E3%83%AC%E3%82%AC%E3%83%B3%E3%83%88%E3%81%AA%E5%B0%8F%E3%81%95%E3%81%AA%E3%82%B7%E3%83%A7%E3%83%BC%E3%83%AB%E3%83%A9%E3%83%83%E3%83%97%E3%83%87%E3%82%BF%E3%83%83%E3%83%81%E5%8F%AF%E8%83%BD%E3%81%AA%E3%82%AB%E3%83%9A%E3%83%AC%E3%83%83%E3%83%88%E4%BB%98%E3%81%8D%E3%82%B9%E3%83%91%E3%83%B3 HTTP/1.1" 200 7847 "-" "Mozilla/5.0 (Linux; Android 6.0.1; Nexus 5X Build/MMB29P) AppleWebKit/537.36 (KHTML, like Gecko) Chrome/140.0.7339.127 Mobile Safari/537.36 (compatible; Googlebot/2.1; +http://www.google.com/bot.html)"
57.141.6.15 - - [19/Sep/2025:23:52:59 +0300] "GET /?o=8777142440501& HTTP/1.1" 200 7847 "-" "meta-externalagent/1.1 (+https://developers.facebook.com/docs/sharing/webmasters/crawler)"
66.249.70.66 - - [19/Sep/2025:23:53:11 +0300] "GET /?o=5395130053311&channel=d032e4&from=news.php%3Fid%3D300533-982%26name%3DKATO+10-1688+813%E7%B3%BB200%E7%95%AA%E5%8F%B0%E3%80%80%E7%A6%8F%E5%8C%97%E3%82%86%E3%81%9F%E3%81%8B%E7%B7%9A%E3%80%803%E4%B8%A1%E3%82%BB%E3%83%83%E3%83%88+%E5%AF%84%E3%82%89 HTTP/1.1" 200 7847 "-" "Mozilla/5.0 (Linux; Android 6.0.1; Nexus 5X Build/MMB29P) AppleWebKit/537.36 (KHTML, like Gecko) Chrome/140.0.7339.127 Mobile Safari/537.36 (compatible; Googlebot/2.1; +http://www.google.com/bot.html)"
66.249.70.66 - - [19/Sep/2025:23:53:48 +0300] "GET /?o=12101126999804&channel=352227&from=shop.php%3Fid%3D1269998-16328%26name%3D%E3%83%95%E3%82%A3%E3%83%83%E3%82%B7%E3%83%B3%E3%82%B0%E3%83%95%E3%83%AD%E3%83%BC%E3%83%88+%E3%82%A2%E3%83%B3%E3%83%89+%E3%83%9C%E3%83%93%E3%83%B3+-+%E5%8D%81%E5%80%8B%E5%85%A5%E3%82%8A+%E3%83%95%E3%82%A3%E3%83%83%E3%82%B7%E3%83%B3%E3%82%B0%E3%83%95%E3%82%A9%E3%83%BC%E3%83%A0%E3%83%95%E3%83%AD%E3%83%BC%E3%83%88+-+%E6%A5%95%E5%86%86%E5%BD%A2%E3%83%97%E3%83%83%E3%82%B7%E3%83%A5%E3%83%9C%E3%82%BF%E3%83%B3%E3%83%96%E3%82%A4+EVA%E3%83%95%E3%82%A9%E3%83%BC%E3%83%A0%E4%BB%95%E6%A7%98 HTTP/1.1" 200 7847 "-" "Mozilla/5.0 (Linux; Android 6.0.1; Nexus 5X Build/MMB29P) AppleWebKit/537.36 (KHTML, like Gecko) Chrome/140.0.7339.127 Mobile Safari/537.36 (compatible; Googlebot/2.1; +http://www.google.com/bot.html)"
66.249.70.65 - - [19/Sep/2025:23:53:56 +0300] "GET /?o=04197138447000&channel=99322f&from=shared.php%3Fid%3D1384470-25934%26name%3D%E3%80%905%E5%80%8B%E3%82%BB%E3%83%83%E3%83%88%E3%80%91+%E3%82%B5%E3%83%B3%E3%83%AF%E3%82%B5%E3%83%97%E3%83%A9%E3%82%A4+%E3%82%A8%E3%83%B3%E3%83%8F%E3%83%B3%E3%82%B9%E3%83%89%E3%82%AB%E3%83%86%E3%82%B4%E3%83%AA5%E5%8D%98%E7%B7%9ALAN%E3%82%B1%E3%83%BC%E3%83%96%E3%83%AB+1m+%E3%83%96%E3%83%AB%E3%83%BC+KB-T5T-01BLNX5+%2Fl HTTP/1.1" 200 7847 "-" "Mozilla/5.0 (Linux; Android 6.0.1; Nexus 5X Build/MMB29P) AppleWebKit/537.36 (KHTML, like Gecko) Chrome/140.0.7339.127 Mobile Safari/537.36 (compatible; Googlebot/2.1; +http://www.google.com/bot.html)"
66.249.70.66 - - [19/Sep/2025:23:54:08 +0300] "GET /?o=8697181424001&channel=5c9f8d&from=brands.php%3Fid%3D814240-9718%26name%3D%E3%80%90%E9%80%81%E6%96%99%E8%BE%BC%E3%81%BF%E3%80%91%E3%83%9E%E3%83%83%E3%82%B5%E3%83%BC%E3%82%B8%E3%83%AD%E3%83%BC%E3%83%A9%E3%83%BC%E3%83%94%E3%83%B3%E3%82%AF%E3%80%80%E3%83%80%E3%82%A4%E3%82%A8%E3%83%83%E3%83%88%E3%80%80%E3%80%80%E3%80%80%E8%B6%B3%E3%83%BB%E7%B4%B0%E3%81%84%E3%80%80%E3%82%80%E3%81%8F%E3%81%BF%E3%80%80%E6%94%B9%E5%96%84 HTTP/1.1" 200 7847 "-" "Mozilla/5.0 (Linux; Android 6.0.1; Nexus 5X Build/MMB29P) AppleWebKit/537.36 (KHTML, like Gecko) Chrome/140.0.7339.127 Mobile Safari/537.36 (compatible; Googlebot/2.1; +http://www.google.com/bot.html)"
66.249.70.66 - - [19/Sep/2025:23:54:24 +0300] "GET /?o=9220756954103&channel=420a3e&from=blog.php%3Fid%3D569541-15983%26name%3D%E9%98%B2%E7%8D%A3+%E3%83%8D%E3%83%83%E3%83%88+10%EF%BD%8D+%E9%98%B2%E9%B3%A5+%E3%81%8B%E3%82%89%E3%81%99%E3%82%88%E3%81%91+%E8%BE%B2%E5%9C%92+%E5%AF%BE%E7%AD%96+%E3%81%84%E3%81%AE%E3%81%97%E3%81%97+%E3%82%A2%E3%83%8B%E3%83%9E%E3%83%AB%E3%83%8D%E3%83%83%E3%83%88 HTTP/1.1" 200 7847 "-" "Mozilla/5.0 (Linux; Android 6.0.1; Nexus 5X Build/MMB29P) AppleWebKit/537.36 (KHTML, like Gecko) Chrome/140.0.7339.127 Mobile Safari/537.36 (compatible; Googlebot/2.1; +http://www.google.com/bot.html)"
57.141.6.67 - - [19/Sep/2025:23:57:11 +0300] "GET /?o=0527943501802& HTTP/1.1" 200 7847 "-" "meta-externalagent/1.1 (+https://developers.facebook.com/docs/sharing/webmasters/crawler)"
66.249.70.67 - - [19/Sep/2025:23:57:20 +0300] "GET /?o=51226160623400&channel=064494&from=shop.php%3Fid%3D1606234-14285%26name%3D12V+%E3%82%AA%E3%83%BC%E3%83%88%E3%83%90%E3%82%A4%E9%9B%BB%E6%B0%97%E3%82%B9%E3%82%BF%E3%83%BC%E3%82%BF%E3%83%BC%E3%83%AA%E3%83%AC%E3%83%BC%E9%9B%BB%E7%A3%81%E7%82%B9%E7%81%AB%E3%82%B9%E3%82%A4%E3%83%83%E3%83%81%E3%82%B8%E3%82%A7%E3%83%83%E3%83%88+700+SJ700+SJ+700+701cc+GP760+%E3%82%A6%E3%82%A7%E3%83%BC%E3%83%96%E3%83%A9 HTTP/1.1" 200 7847 "-" "Mozilla/5.0 (Linux; Android 6.0.1; Nexus 5X Build/MMB29P) AppleWebKit/537.36 (KHTML, like Gecko) Chrome/140.0.7339.127 Mobile Safari/537.36 (compatible; Googlebot/2.1; +http://www.google.com/bot.html)"
57.141.6.73 - - [20/Sep/2025:00:02:52 +0300] "GET /?o=3257494045500& HTTP/1.1" 200 7847 "-" "meta-externalagent/1.1 (+https://developers.facebook.com/docs/sharing/webmasters/crawler)"
66.249.70.66 - - [20/Sep/2025:00:07:40 +0300] "GET /?o=43972153313703&channel=41def4&from=category-info.php%3Fid%3D1533137-24107%26name%3D%E3%81%95%2A%E3%82%8A%E6%A7%98+Sirachihata+%E3%81%8A%E3%81%AA%E3%81%BE%E3%81%88%E3%82%B9%E3%82%BF%E3%83%B3%E3%83%97%E3%80%80%E5%A4%A7%E6%96%87%E5%AD%97%E3%82%BB%E3%83%83%E3%83%88+%E6%B0%B4%E8%89%B2 HTTP/1.1" 200 7847 "-" "Mozilla/5.0 (Linux; Android 6.0.1; Nexus 5X Build/MMB29P) AppleWebKit/537.36 (KHTML, like Gecko) Chrome/140.0.7339.127 Mobile Safari/537.36 (compatible; Googlebot/2.1; +http://www.google.com/bot.html)"
66.249.70.66 - - [20/Sep/2025:00:09:34 +0300] "GET /?o=1500375838404&channel=9516d4&from=pin.php%3Fid%3D758384-1098%26name%3DMAMMUT+%E8%A8%9D%E3%82%8B+GOBLIN+Advanced+JKT HTTP/1.1" 200 7847 "-" "Mozilla/5.0 (Linux; Android 6.0.1; Nexus 5X Build/MMB29P) AppleWebKit/537.36 (KHTML, like Gecko) Chrome/140.0.7339.127 Mobile Safari/537.36 (compatible; Googlebot/2.1; +http://www.google.com/bot.html)"
34.162.3.95 - - [20/Sep/2025:00:12:34 +0300] "HEAD / HTTP/1.1" 200 - "-" "curl/7.88.1"
34.162.3.95 - - [20/Sep/2025:00:12:35 +0300] "GET / HTTP/1.1" 200 7847 "-" "curl/7.88.1"
66.249.70.69 - - [20/Sep/2025:00:14:24 +0300] "GET /?o=909914370806&channel=11fd96&from=jp.php%3Fid%3D43708-4794%26name%3D%E3%82%A8%E3%82%B8%E3%83%AA%E3%83%BC+%E3%83%9B%E3%83%BC%E3%83%AD%E3%83%BC%E8%A3%BD+%E6%9E%9C%E7%89%A9+%E4%B8%A1%E6%89%8B%E9%8D%8B HTTP/1.1" 200 7847 "-" "Mozilla/5.0 (Linux; Android 6.0.1; Nexus 5X Build/MMB29P) AppleWebKit/537.36 (KHTML, like Gecko) Chrome/140.0.7339.127 Mobile Safari/537.36 (compatible; Googlebot/2.1; +http://www.google.com/bot.html)"
66.249.70.70 - - [20/Sep/2025:00:15:29 +0300] "GET /?o=12629108126205&channel=36c416&from=info.php%3Fid%3D1081262-12272%26name%3D%E3%83%88%E3%83%9E%E3%83%88%E3%82%B9%E3%83%A9%E3%82%A4%E3%82%B5%E3%83%BC%E3%80%81%E3%82%86%E3%81%A7%E5%8D%B5%E3%82%AB%E3%83%83%E3%82%BF%E3%83%BC+%7C+%E3%82%86%E3%81%A7%E5%8D%B5%E3%82%AB%E3%83%83%E3%82%BF%E3%83%BC%E3%82%A4%E3%83%81%E3%82%B4%E3%82%AB%E3%83%83%E3%82%BF%E3%83%BC+-+%E3%83%9B%E3%83%BC%E3%83%A0%E3%82%A2%E3%82%AF%E3%82%BB%E3%82%B5%E3%83%AA%E3%83%BC%E3%82%AD%E3%83%83%E3%83%81%E3%83%B3%E3%82%AE%E3%82%A2%E3%80%81%E3%82%86%E3%81%A7%E5%8D%B5%E3%80%81%E3%82%A4%E3%83%81%E3%82%B4%E3%80%81%E3%82%AD%E3%83%8E%E3%82%B3%E3%80%81%E3%82%BD%E3%83%95 HTTP/1.1" 200 7847 "-" "Mozilla/5.0 (Linux; Android 6.0.1; Nexus 5X Build/MMB29P) AppleWebKit/537.36 (KHTML, like Gecko) Chrome/140.0.7339.185 Mobile Safari/537.36 (compatible; Googlebot/2.1; +http://www.google.com/bot.html)"
66.249.70.70 - - [20/Sep/2025:00:15:29 +0300] "GET /?o=2980740588007&channel=6e35a1&from=blog.php%3Fid%3D405880-5071%26name%3DAcnivko%E3%83%AD%E3%83%BC%E3%83%86%E3%83%BC%E3%83%96%E3%83%AB%E3%80%81%E3%82%BB%E3%83%B3%E3%82%BF%E3%83%BC%E3%83%86%E3%83%BC%E3%83%96%E3%83%AB%E3%80%81+%E3%83%AA%E3%83%93%E3%83%B3%E3%82%B0%E3%83%86%E3%83%BC%E3%83%96%E3%83%AB+%E3%83%AD%E3%83%BC%E3%83%86%E3%83%BC%E3%83%96%E3%83%AB+%E5%8F%8E%E7%B4%8D%E4%BB%98%E3%81%8D+%E3%82%BB%E3%83%B3%E3%82%BF%E3%83%BC%E3%83%86%E3%83%BC%E3%83%96%E3%83%AB+%E5%BA%A7%E5%8D%93+%E3%82%B9%E3%83%81%E3%83%BC%E3%83%AB%E8%A3%BD%E3%83%86%E3%83%BC%E3%83%96%E3%83%AB HTTP/1.1" 200 7847 "-" "Mozilla/5.0 (Linux; Android 6.0.1; Nexus 5X Build/MMB29P) AppleWebKit/537.36 (KHTML, like Gecko) Chrome/140.0.7339.185 Mobile Safari/537.36 (compatible; Googlebot/2.1; +http://www.google.com/bot.html)"
66.249.70.70 - - [20/Sep/2025:00:15:29 +0300] "GET /?o=7702694561602&channel=f7d679&from=category-info.php%3Fid%3D945616-3701%26name%3DCat.5e+%E3%82%A4%E3%83%BC%E3%82%B5%E3%83%8D%E3%83%83%E3%83%88+LAN+%E3%83%91%E3%83%83%E3%83%81%E3%82%B1%E3%83%BC%E3%83%96%E3%83%AB+%E3%82%B9%E3%83%8A%E3%83%83%E3%82%B0%E3%83%AC%E3%82%B9RNS+SF%2FUTP%E3%80%81100MHz+%E3%82%AE%E3%82%AC%E3%83%93%E3%83%83%E3%83%88%E5%AF%BE%E5%BF%9C%2810%2F100%2F1 HTTP/1.1" 200 7847 "-" "Mozilla/5.0 (Linux; Android 6.0.1; Nexus 5X Build/MMB29P) AppleWebKit/537.36 (KHTML, like Gecko) Chrome/140.0.7339.185 Mobile Safari/537.36 (compatible; Googlebot/2.1; +http://www.google.com/bot.html)"
66.249.70.69 - - [20/Sep/2025:00:15:30 +0300] "GET /?o=9187197087200&channel=757eeb&from=shop.php%3Fid%3D970872-6946%26name%3D%E3%83%97%E3%83%A9%E3%83%AC%E3%83%BC%E3%83%AB%E3%81%AE%E3%82%8A%E3%82%82%E3%81%AEDVD2013 HTTP/1.1" 200 7847 "-" "Mozilla/5.0 (Linux; Android 6.0.1; Nexus 5X Build/MMB29P) AppleWebKit/537.36 (KHTML, like Gecko) Chrome/140.0.7339.185 Mobile Safari/537.36 (compatible; Googlebot/2.1; +http://www.google.com/bot.html)"
66.249.70.70 - - [20/Sep/2025:00:15:30 +0300] "GET /?o=3802877618802&channel=1d963f&from=brands.php%3Fid%3D776188-7071%26name%3D%E3%82%B3%E3%83%AB%E3%83%AAcoruri+%E4%B8%89%E3%81%A4%E6%8A%98%E3%82%8A%E8%B2%A1%E5%B8%83+%E3%83%9F%E3%83%8B%E8%B2%A1%E5%B8%83 HTTP/1.1" 200 7847 "-" "Mozilla/5.0 (Linux; Android 6.0.1; Nexus 5X Build/MMB29P) AppleWebKit/537.36 (KHTML, like Gecko) Chrome/140.0.7339.185 Mobile Safari/537.36 (compatible; Googlebot/2.1; +http://www.google.com/bot.html)"
66.249.70.69 - - [20/Sep/2025:00:15:31 +0300] "GET /?o=1335954142002&channel=3dad97&from=category-info.php%3Fid%3D541420-11466%26name%3D%E3%82%B9%E3%83%86%E3%82%A2%E3%83%AA%E3%83%B3%E3%82%B0%E3%83%9B%E3%82%A4%E3%83%BC%E3%83%AB%E3%83%9C%E3%82%BF%E3%83%B3+Compatible+With+Yaris+2013+2014+2015+2016+%E8%BB%8A%E7%94%A8%E5%A4%9A%E6%A9%9F%E8%83%BD%E3%82%B9%E3%83%86%E3%82%A2%E3%83%AA%E3%83%B3 HTTP/1.1" 200 7847 "-" "Mozilla/5.0 (Linux; Android 6.0.1; Nexus 5X Build/MMB29P) AppleWebKit/537.36 (KHTML, like Gecko) Chrome/140.0.7339.185 Mobile Safari/537.36 (compatible; Googlebot/2.1; +http://www.google.com/bot.html)"
66.249.70.69 - - [20/Sep/2025:00:15:32 +0300] "GET /?o=90732155963000&channel=4bb60b&from=pin.php%3Fid%3D1559630-1849%26name%3Dxikers+%E3%83%88%E3%83%AC%E3%82%AB+withmuu+%E5%AF%BE%E9%9D%A2+%E3%83%8F%E3%83%B3%E3%82%BF%E3%83%BC HTTP/1.1" 200 7847 "-" "Mozilla/5.0 (Linux; Android 6.0.1; Nexus 5X Build/MMB29P) AppleWebKit/537.36 (KHTML, like Gecko) Chrome/140.0.7339.185 Mobile Safari/537.36 (compatible; Googlebot/2.1; +http://www.google.com/bot.html)"
66.249.70.69 - - [20/Sep/2025:00:15:34 +0300] "GET /?o=7170129992004&channel=82b423&from=blog.php%3Fid%3D299920-7163%26name%3DLED%E3%83%99%E3%83%BC%E3%82%B9%E3%83%A9%E3%82%A4%E3%83%88+40W%E5%9E%8B+2%E7%81%AF%E7%9B%B8%E5%BD%93+LED%E8%9B%8D%E5%85%89%E7%81%AF+%E8%96%84%E5%9E%8B+%E5%99%A8%E5%85%B7%E4%B8%80%E4%BD%93%E5%9E%8B+%E4%B8%80%E4%BD%93%E5%9E%8B%E7%85%A7%E6%98%8E+%E5%A4%A9%E4%BA%95%E7%9B%B4%E4%BB%98%E5%9E%8B+%E7%9B%B4%E7%AE%A1%E8%9B%8D%E5%85%89%E7%81%AF+%E3%83%99%E3%83%BC%E3%82%B9%E3%83%A9%E3%82%A4%E3%83%88+%E3%82%B7%E3%83%BC%E3%83%AA%E3%83%B3%E3%82%B0 HTTP/1.1" 200 7847 "-" "Mozilla/5.0 (Linux; Android 6.0.1; Nexus 5X Build/MMB29P) AppleWebKit/537.36 (KHTML, like Gecko) Chrome/140.0.7339.185 Mobile Safari/537.36 (compatible; Googlebot/2.1; +http://www.google.com/bot.html)"
66.249.70.70 - - [20/Sep/2025:00:15:36 +0300] "GET /?o=80002133175400&channel=f2e563&from=jp.php%3Fid%3D1331754-9332%26name%3D%E8%96%AC%E5%89%A4%E5%B8%AB%E5%9B%BD%E5%AE%B6%E8%A9%A6%E9%A8%93+120%E5%88%86%E3%82%B9%E3%83%86%E3%83%83%E3%83%97%E3%82%A2%E3%83%83%E3%83%97%E3%83%89%E3%83%AA%E3%83%AB HTTP/1.1" 200 7847 "-" "Mozilla/5.0 (Linux; Android 6.0.1; Nexus 5X Build/MMB29P) AppleWebKit/537.36 (KHTML, like Gecko) Chrome/140.0.7339.185 Mobile Safari/537.36 (compatible; Googlebot/2.1; +http://www.google.com/bot.html)"
66.249.70.70 - - [20/Sep/2025:00:15:37 +0300] "GET /?o=2712579736001&channel=223acb&from=shop.php%3Fid%3D797360-3027%26name%3DZivif+%E3%83%89%E3%82%A2%E3%83%99%E3%83%AB+%E3%82%BD%E3%83%BC%E3%83%A9%E3%83%BC%E5%85%85%E9%9B%BB%E5%99%A8+%E3%83%AA%E3%83%B3%E3%82%B0%E3%83%93%E3%83%87%E3%82%AA%E3%83%89%E3%82%A2%E3%83%99%E3%83%AB2%2F%E3%83%93%E3%83%87%E3%82%AA%E3%83%89%E3%82%A2%E3%83%99%E3%83%AB3%2F%E3%83%93%E3%83%87%E3%82%AA%E3%83%89%E3%82%A2%E3%83%99%E3%83%AB4%2F%E3%83%90%E3%83%83%E3%83%86%E3%83%AA%E3%83%BC%E3%83%89%E3%82%A2%E3%83%99%E3%83%AB%E3%80%81%E3%83%89%E3%82%A2%E3%83%99%E3%83%AB%E7%94%A85W HTTP/1.1" 200 7847 "-" "Mozilla/5.0 (Linux; Android 6.0.1; Nexus 5X Build/MMB29P) AppleWebKit/537.36 (KHTML, like Gecko) Chrome/140.0.7339.185 Mobile Safari/537.36 (compatible; Googlebot/2.1; +http://www.google.com/bot.html)"
66.249.70.69 - - [20/Sep/2025:00:15:38 +0300] "GET /?o=871128563404&channel=a239eb&from=pin.php%3Fid%3D85634-5316%26name%3DHerno+%E3%83%8A%E3%82%A4%E3%83%AD%E3%83%B3+%E3%82%B7%E3%83%B3%E3%82%B0%E3%83%AB+%E3%83%80%E3%82%A6%E3%83%B3%E3%82%B8%E3%83%AC+%E3%82%B5%E3%82%A4%E3%82%BA42 HTTP/1.1" 200 7847 "-" "Mozilla/5.0 (Linux; Android 6.0.1; Nexus 5X Build/MMB29P) AppleWebKit/537.36 (KHTML, like Gecko) Chrome/140.0.7339.185 Mobile Safari/537.36 (compatible; Googlebot/2.1; +http://www.google.com/bot.html)"
66.249.70.69 - - [20/Sep/2025:00:15:39 +0300] "GET /?o=7253847424401&channel=a95b3e&from=info.php%3Fid%3D474244-11492%26name%3Dvoidgaming%E3%82%AB%E3%82%B9%E3%82%BF%E3%83%A0%E3%82%B3%E3%83%B3%E3%83%88%E3%83%AD%E3%83%BC%E3%83%A9%E3%83%BC HTTP/1.1" 200 7847 "-" "Mozilla/5.0 (Linux; Android 6.0.1; Nexus 5X Build/MMB29P) AppleWebKit/537.36 (KHTML, like Gecko) Chrome/140.0.7339.185 Mobile Safari/537.36 (compatible; Googlebot/2.1; +http://www.google.com/bot.html)"
66.249.70.69 - - [20/Sep/2025:00:15:43 +0300] "GET /?o=77081128305601&channel=bf433b&from=shared.php%3Fid%3D1283056-8427%26name%3D%E3%80%90%E6%96%B0%E5%93%81%E3%80%91%E3%83%95%E3%82%A1%E3%83%9F%E3%83%AA%E3%82%A2+familiar+%E3%83%8D%E3%83%83%E3%82%AF%E3%82%B9%E3%83%88%E3%83%A9%E3%83%83%E3%83%97+%E3%83%AC%E3%83%83%E3%83%89 HTTP/1.1" 200 7847 "-" "Mozilla/5.0 (Linux; Android 6.0.1; Nexus 5X Build/MMB29P) AppleWebKit/537.36 (KHTML, like Gecko) Chrome/140.0.7339.185 Mobile Safari/537.36 (compatible; Googlebot/2.1; +http://www.google.com/bot.html)"
66.249.70.69 - - [20/Sep/2025:00:15:43 +0300] "GET /?o=070827103102&channel=83c702&from=blog.php%3Fid%3D71031-6697%26name%3DBEAMS+%2F+%E3%83%90%E3%83%AB%E3%82%AB%E3%83%A9%E3%83%BC%E3%82%B3%E3%83%BC%E3%83%88 HTTP/1.1" 200 7847 "-" "Mozilla/5.0 (Linux; Android 6.0.1; Nexus 5X Build/MMB29P) AppleWebKit/537.36 (KHTML, like Gecko) Chrome/140.0.7339.185 Mobile Safari/537.36 (compatible; Googlebot/2.1; +http://www.google.com/bot.html)"
66.249.70.69 - - [20/Sep/2025:00:15:44 +0300] "GET /?o=5280843348800&channel=34375a&from=product.php%3Fid%3D433488-3688%26name%3D%287%E5%80%8B%E3%81%BE%E3%81%A8%E3%82%81%E5%A3%B2%E3%82%8A%29+%E3%82%B5%E3%83%B3%E3%83%AF%E3%82%B5%E3%83%97%E3%83%A9%E3%82%A4+%E3%82%AB%E3%83%86%E3%82%B4%E3%83%AA6A%E3%83%95%E3%83%A9%E3%83%83%E3%83%88LAN%E3%82%B1%E3%83%BC%E3%83%96%E3%83%AB+KB-FL6A-07BL HTTP/1.1" 200 7847 "-" "Mozilla/5.0 (Linux; Android 6.0.1; Nexus 5X Build/MMB29P) AppleWebKit/537.36 (KHTML, like Gecko) Chrome/140.0.7339.185 Mobile Safari/537.36 (compatible; Googlebot/2.1; +http://www.google.com/bot.html)"
66.249.70.69 - - [20/Sep/2025:00:15:47 +0300] "GET /?o=26917130425405&channel=0b333d&from=jp.php%3Fid%3D1304254-26171%26name%3D%E7%8C%AB%E7%94%A8+%E7%AA%93+%E5%AE%87%E5%AE%99%E8%88%B9%E5%9E%8B+%E7%8C%AB%E3%83%99%E3%83%83%E3%83%89+%E5%BC%B7%E5%8A%9B%E5%90%B8%E7%9B%A4+%E5%8D%8A%E7%90%83+%E9%80%8F%E6%98%8E+%E7%AA%93+%E5%A3%81+%E3%82%AF%E3%83%AA%E3%82%A2%E3%83%9C%E3%82%A6%E3%83%AB+%E5%8D%8A%E7%90%83+%E5%8F%96%E3%82%8A%E4%BB%98%E3%81%91%E3%82%BF%E3%82%A4%E3%83%97+%E5%90%B8%E7%9B%A4+%E8%80%90%E8%8D%B7%E9%87%8D20kg+%E9%A0%91%E4%B8%88+%E3%82%AD%E3%83%A3%E3%83%83%E3%83%88%E3%83%99%E3%83%83%E3%83%89 HTTP/1.1" 200 7847 "-" "Mozilla/5.0 (Linux; Android 6.0.1; Nexus 5X Build/MMB29P) AppleWebKit/537.36 (KHTML, like Gecko) Chrome/140.0.7339.185 Mobile Safari/537.36 (compatible; Googlebot/2.1; +http://www.google.com/bot.html)"
66.249.70.69 - - [20/Sep/2025:00:15:52 +0300] "GET /?o=78291160081003&channel=c9e774&from=shop.php%3Fid%3D1600810-3013%26name%3D%E3%82%AB%E3%83%AF%E3%83%80%E3%80%80%E3%83%80%E3%82%A4%E3%83%A4%E3%83%96%E3%83%AD%E3%83%83%E3%82%AF%E3%82%B8%E3%83%A5%E3%83%8B%E3%82%A2%E3%80%8058%E5%80%8B HTTP/1.1" 200 7847 "-" "Mozilla/5.0 (Linux; Android 6.0.1; Nexus 5X Build/MMB29P) AppleWebKit/537.36 (KHTML, like Gecko) Chrome/140.0.7339.185 Mobile Safari/537.36 (compatible; Googlebot/2.1; +http://www.google.com/bot.html)"
66.249.70.69 - - [20/Sep/2025:00:15:53 +0300] "GET /?o=79185162873600&channel=5a4620&from=info.php%3Fid%3D1628736-16314%26name%3D%E4%BA%AC%E9%83%BD%E6%AF%98%E6%B2%99%E9%96%80%E5%A4%A9%E2%9D%A4%EF%B8%8F%E3%83%AC%E3%82%A2%E2%9D%A4%EF%B8%8F5%E6%9C%88%E3%81%AE%E8%A6%8B%E9%96%8B%E3%81%8D%E5%BE%A1%E6%9C%B1%E5%8D%B0%E7%B4%AB%E9%99%BD%E8%8A%B1 HTTP/1.1" 200 7847 "-" "Mozilla/5.0 (Linux; Android 6.0.1; Nexus 5X Build/MMB29P) AppleWebKit/537.36 (KHTML, like Gecko) Chrome/140.0.7339.185 Mobile Safari/537.36 (compatible; Googlebot/2.1; +http://www.google.com/bot.html)"
66.249.70.69 - - [20/Sep/2025:00:15:53 +0300] "GET /?o=9808917669401&channel=a126a4&from=brands.php%3Fid%3D176694-11784%26name%3D%5BRAINBOW+SANDALS%5D+%E3%83%AC%E3%82%A4%E3%83%B3%E3%83%9C%E3%83%BC%E3%82%B5%E3%83%B3%E3%83%80%E3%83%AB+%E3%83%93%E3%83%BC%E3%83%81%E3%82%B5%E3%83%B3%E3%83%80%E3%83%AB+%E3%82%B9%E3%83%AA%E3%83%83%E3%83%91+%E3%83%8C%E3%83%90%E3%83%83%E3%82%AF+%E3%83%AC%E3%82%B6%E3%83%BC+%E3%82%B5%E3%83%BC%E3%83%95%E3%82%A1%E3%83%BC+%E3%82%B7%E3%83%B3%E3%82%B0%E3%83%AB%E3%83%AC%E3%82%A4%E3%83%A4%E3%83%BC%28%E8%96%84 HTTP/1.1" 200 7847 "-" "Mozilla/5.0 (Linux; Android 6.0.1; Nexus 5X Build/MMB29P) AppleWebKit/537.36 (KHTML, like Gecko) Chrome/140.0.7339.185 Mobile Safari/537.36 (compatible; Googlebot/2.1; +http://www.google.com/bot.html)"
66.249.70.69 - - [20/Sep/2025:00:15:54 +0300] "GET /?o=82011126430400&channel=3c0dde&from=article.php%3Fid%3D1264304-7824%26name%3D%E5%BA%AD%E5%9C%92%E7%94%A8%E3%82%BD%E3%83%BC%E3%83%A9%E3%83%BC%E3%83%A9%E3%82%A4%E3%83%88+%E5%B1%8B%E5%A4%96+%7C+%E9%98%B2%E6%B0%B4%E6%87%B8%E5%9E%82%E3%83%A9%E3%82%A4%E3%83%88%2C%E7%AF%80%E7%B4%84%E5%9E%8B+%E6%98%8E%E3%82%8B%E3%81%84%E5%A4%A9%E5%80%99%E5%AF%BE%E5%BF%9CLED%E3%83%A9%E3%83%B3%E3%82%BF%E3%83%B3+%E5%BA%AD+%E3%83%91%E3%83%86%E3%82%A3%E3%82%AA+%E6%99%AF%E8%A6%B3+%E3%82%AC%E3%83%BC%E3%83%87%E3%83%B3+%E7%8E%84%E9%96%A2%E5%89%8D+%E9%80%9A%E8%B7%AF HTTP/1.1" 200 7847 "-" "Mozilla/5.0 (Linux; Android 6.0.1; Nexus 5X Build/MMB29P) AppleWebKit/537.36 (KHTML, like Gecko) Chrome/140.0.7339.185 Mobile Safari/537.36 (compatible; Googlebot/2.1; +http://www.google.com/bot.html)"
66.249.70.69 - - [20/Sep/2025:00:15:54 +0300] "GET /?o=07719124899616&channel=27977e&from=category-info.php%3Fid%3D1248996-130%26name%3DBurness+style+%E3%83%90%E3%83%BC%E3%83%8D%E3%82%B9%E3%82%B9%E3%82%BF%E3%82%A4%E3%83%AB%E3%80%80BE_MAX%E3%82%B7%E3%83%AA%E3%83%BC%E3%82%BA%E3%83%BB%E3%83%97%E3%83%AD%E3%83%86%E3%82%A4%E3%83%B3 HTTP/1.1" 200 7847 "-" "Mozilla/5.0 (Linux; Android 6.0.1; Nexus 5X Build/MMB29P) AppleWebKit/537.36 (KHTML, like Gecko) Chrome/140.0.7339.185 Mobile Safari/537.36 (compatible; Googlebot/2.1; +http://www.google.com/bot.html)"
66.249.70.69 - - [20/Sep/2025:00:15:54 +0300] "GET /?o=690978061000&channel=7cde3e&from=news.php%3Fid%3D80610-3150%26name%3D%E3%83%A2%E3%83%80%E3%83%B3%E3%81%AA%E7%8E%84%E9%96%A2%E3%83%89%E3%82%A2%E3%82%AD%E3%83%A3%E3%83%8E%E3%83%94%E3%83%BC%E3%80%81%E9%80%8F%E6%98%8E%E3%83%9D%E3%83%AA%E3%82%AB%E3%83%BC%E3%83%9C%E3%83%8D%E3%83%BC%E3%83%88%E3%82%AB%E3%83%90%E3%83%BC%E4%BB%98%E3%81%8D%E3%80%81%E5%B1%8B%E5%A4%96%E3%83%89%E3%82%A2%E7%AA%93%E3%82%AA%E3%83%BC%E3%83%8B%E3%83%B3%E3%82%B0%E3%80%81%E3%83%91%E3%83%86%E3%82%A3%E3%82%AA%E3%83%9D%E3%83%BC%E3%83%81%E3%82%B7%E3%82%A7%E3%83%AB%E3%82%BF%E3%83%BC%E5%B1%8B%E6%A0%B9%E3%82%AD%E3%83%A3%E3%83%8E%E3%83%94%E3%83%BC%E3%80%81%E6%B9%BE%E6%9B%B2%E3%81%97%E3%81%9F%E3%83%96 HTTP/1.1" 200 7847 "-" "Mozilla/5.0 (Linux; Android 6.0.1; Nexus 5X Build/MMB29P) AppleWebKit/537.36 (KHTML, like Gecko) Chrome/140.0.7339.185 Mobile Safari/537.36 (compatible; Googlebot/2.1; +http://www.google.com/bot.html)"
66.249.70.69 - - [20/Sep/2025:00:15:54 +0300] "GET /?o=22906101720201&channel=41f480&from=info.php%3Fid%3D1017202-26178%26name%3D%E3%80%90%E6%96%B0%E5%93%81%E2%80%BC%EF%B8%8F%E3%80%91Panasonic+%E3%83%95%E3%82%A7%E3%83%AA%E3%82%A8+%E3%83%9C%E3%83%87%E3%82%A3%E3%82%B7%E3%82%A7%E3%83%BC%E3%83%90%E3%83%BC+ES-WR51+P HTTP/1.1" 200 7847 "-" "Mozilla/5.0 (Linux; Android 6.0.1; Nexus 5X Build/MMB29P) AppleWebKit/537.36 (KHTML, like Gecko) Chrome/140.0.7339.185 Mobile Safari/537.36 (compatible; Googlebot/2.1; +http://www.google.com/bot.html)"
66.249.70.69 - - [20/Sep/2025:00:15:55 +0300] "GET /?o=29484956002&channel=d032e4&from=pin.php%3Fid%3D9560-982%26name%3DKATO+111%E7%B3%BB0%E7%95%AA%E5%8F%B0%E6%B9%98%E5%8D%97%E8%89%B2+7%E4%B8%A1%E5%9F%BA%E6%9C%AC%E3%82%BB%E3%83%83%E3%83%88 HTTP/1.1" 200 7847 "-" "Mozilla/5.0 (Linux; Android 6.0.1; Nexus 5X Build/MMB29P) AppleWebKit/537.36 (KHTML, like Gecko) Chrome/140.0.7339.185 Mobile Safari/537.36 (compatible; Googlebot/2.1; +http://www.google.com/bot.html)"
66.249.70.69 - - [20/Sep/2025:00:15:56 +0300] "GET /?o=24291165611600&channel=f64837&from=pin.php%3Fid%3D1656116-1197%26name%3D%E4%B8%AD%E5%8F%A4%E3%82%AD%E3%83%A3%E3%83%A9%E3%82%AB%E3%83%BC%E3%83%89+%E5%BE%A1%E5%BD%B1%E7%8E%B2%E7%8E%8B+%E7%89%B9%E8%A3%BD%E3%83%95%E3%82%A9%E3%83%88%E9%A2%A8%E3%82%AB%E3%83%BC%E3%83%89+cafe%E3%81%AE%E4%B8%AD%E3%81%A7+%E3%80%8C%E3%83%96%E3%83%AB%E3%83%BC%E3%83%AD%E3%83%83%E3%82%AF+Tree+Village+Cafe%E3%80%8D HTTP/1.1" 200 7847 "-" "Mozilla/5.0 (Linux; Android 6.0.1; Nexus 5X Build/MMB29P) AppleWebKit/537.36 (KHTML, like Gecko) Chrome/140.0.7339.185 Mobile Safari/537.36 (compatible; Googlebot/2.1; +http://www.google.com/bot.html)"
66.249.70.69 - - [20/Sep/2025:00:15:57 +0300] "GET /?o=8825114679602&channel=92c1dc&from=article.php%3Fid%3D146796-6335%26name%3DPRADA+%E3%82%A2%E3%83%B3%E3%82%AF%E3%83%AB%E3%83%96%E3%83%BC%E3%83%84 HTTP/1.1" 200 7847 "-" "Mozilla/5.0 (Linux; Android 6.0.1; Nexus 5X Build/MMB29P) AppleWebKit/537.36 (KHTML, like Gecko) Chrome/140.0.7339.185 Mobile Safari/537.36 (compatible; Googlebot/2.1; +http://www.google.com/bot.html)"
66.249.70.69 - - [20/Sep/2025:00:15:58 +0300] "GET /?o=33518139561602&channel=883d05&from=product.php%3Fid%3D1395616-15755%26name%3D2024%E5%B9%B4%E3%81%AE%E4%BB%8A%E5%B9%B4%E3%83%A2%E3%83%87%E3%83%AB%EF%BC%81%C2%A512%2C960%E2%86%92%C2%A55%2C500%EF%BC%88%E9%80%81%E6%96%99%E7%84%A1%E6%96%99%EF%BC%89 HTTP/1.1" 200 7847 "-" "Mozilla/5.0 (Linux; Android 6.0.1; Nexus 5X Build/MMB29P) AppleWebKit/537.36 (KHTML, like Gecko) Chrome/140.0.7339.185 Mobile Safari/537.36 (compatible; Googlebot/2.1; +http://www.google.com/bot.html)"
66.249.70.71 - - [20/Sep/2025:00:16:00 +0300] "GET /?o=8121045433201&channel=37bab3&from=shared.php%3Fid%3D454332-13451%26name%3DStupell+Industries+%E3%82%A6%E3%82%A3%E3%83%A0%E3%82%B7%E3%82%AB%E3%83%AB%E3%82%BC%E3%83%96%E3%83%A9%E3%83%9C%E3%82%BF%E3%83%8B%E3%82%AB%E3%83%AB%E3%83%97%E3%83%A9%E3%83%B3%E3%83%88+%E3%83%9C%E3%83%BC%E3%83%80%E3%83%BC%E3%80%81%E3%83%98%E3%82%B6%E3%83%BC%E3%83%BB%E3%82%B9%E3%83%88%E3%83%AA%E3%82%A2%E3%83%B3%E3%81%AB%E3%82%88%E3%82%8B%E3%83%87%E3%82%B6%E3%82%A4%E3%83%B3 HTTP/1.1" 200 7847 "-" "Mozilla/5.0 (Linux; Android 6.0.1; Nexus 5X Build/MMB29P) AppleWebKit/537.36 (KHTML, like Gecko) Chrome/140.0.7339.185 Mobile Safari/537.36 (compatible; Googlebot/2.1; +http://www.google.com/bot.html)"
66.249.70.71 - - [20/Sep/2025:00:16:01 +0300] "GET /?o=0702818082007&channel=1fe41c&from=news.php%3Fid%3D180820-1565%26name%3D%E2%AD%90%EF%B8%8F%E3%83%8B%E3%82%B3%E3%83%B3+Nikon+D40%E2%AD%90%EF%B8%8F%E3%83%8B%E3%82%B3%E3%83%B3+%E3%83%87%E3%82%B8%E3%82%BF%E3%83%AB%E4%B8%80%E7%9C%BC%E3%83%AC%E3%83%95%E2%AD%90%EF%B8%8F07 HTTP/1.1" 200 7847 "-" "Mozilla/5.0 (Linux; Android 6.0.1; Nexus 5X Build/MMB29P) AppleWebKit/537.36 (KHTML, like Gecko) Chrome/140.0.7339.185 Mobile Safari/537.36 (compatible; Googlebot/2.1; +http://www.google.com/bot.html)"
66.249.70.69 - - [20/Sep/2025:00:16:03 +0300] "GET /?o=8862040191000&channel=397c25&from=article.php%3Fid%3D401910-14504%26name%3DChacott+AddElm+%E3%83%AC%E3%83%BC%E3%82%B9%E3%83%88%E3%83%83%E3%83%97%E3%82%B9+%E3%83%A9%E3%82%A4%E3%83%88%E3%82%B0%E3%83%AC%E3%83%BC HTTP/1.1" 200 7847 "-" "Mozilla/5.0 (Linux; Android 6.0.1; Nexus 5X Build/MMB29P) AppleWebKit/537.36 (KHTML, like Gecko) Chrome/140.0.7339.185 Mobile Safari/537.36 (compatible; Googlebot/2.1; +http://www.google.com/bot.html)"
66.249.70.71 - - [20/Sep/2025:00:16:04 +0300] "GET /?o=0876627684802&channel=7d96c2&from=article.php%3Fid%3D276848-8563%26name%3D%E3%83%AA%E3%83%BC%E3%83%A1%E3%83%B3%E3%83%88+%E3%83%9D%E3%83%BC%E3%82%BA%E3%82%B9%E3%82%B1%E3%83%AB%E3%83%88%E3%83%B3+%E3%83%8D%E3%82%B3%E3%80%81%E3%82%A4%E3%83%8C%E3%82%BB%E3%83%83%E3%83%88+%E3%83%9F%E3%83%8B%E3%83%81%E3%83%A5%E3%82%A2 HTTP/1.1" 200 7847 "-" "Mozilla/5.0 (Linux; Android 6.0.1; Nexus 5X Build/MMB29P) AppleWebKit/537.36 (KHTML, like Gecko) Chrome/140.0.7339.185 Mobile Safari/537.36 (compatible; Googlebot/2.1; +http://www.google.com/bot.html)"
66.249.70.69 - - [20/Sep/2025:00:16:05 +0300] "GET /?o=93607135834001&channel=76df67&from=news.php%3Fid%3D1358340-3168%26name%3D%E3%82%A8%E3%83%97%E3%83%AD%E3%83%B3+%E3%83%94%E3%83%83%E3%83%88%E3%83%96%E3%83%AB%E3%83%86%E3%83%AA%E3%82%A2%E3%82%AF%E3%83%AA%E3%82%B9%E3%83%9E%E3%82%B9%E3%83%89%E3%83%83%E3%82%B0+%E9%A6%96%E6%8E%9B%E3%81%91+%E3%82%A8%E3%83%97%E3%83%AD%E3%83%B3+%E3%81%8A%E3%81%97%E3%82%83%E3%82%8C+%E3%81%8B%E3%82%8F%E3%81%84%E3%81%84+%E3%83%AC%E3%83%87%E3%82%A4%E3%83%BC%E3%82%B9+%E3%83%A1%E3%83%B3%E3%82%BA+%E9%A6%96%E6%8E%9B%E3%81%91+%E9%98%B2%E6%B0%B4+%E8%AA%BF%E6%95%B4%E5%8F%AF%E8%83%BD+%E6%A5%AD%E5%8B%99%E7%94%A8 HTTP/1.1" 200 7847 "-" "Mozilla/5.0 (Linux; Android 6.0.1; Nexus 5X Build/MMB29P) AppleWebKit/537.36 (KHTML, like Gecko) Chrome/140.0.7339.185 Mobile Safari/537.36 (compatible; Googlebot/2.1; +http://www.google.com/bot.html)"
66.249.70.70 - - [20/Sep/2025:00:16:07 +0300] "GET /?o=2521133317200&channel=62cfee&from=jp.php%3Fid%3D333172-6679%26name%3DZANNZA+%E3%83%90%E3%83%83%E3%82%AF%E3%83%91%E3%83%83%E3%82%AF+%E3%82%AD%E3%83%A3%E3%83%B3%E3%83%90%E3%82%B9+%E5%86%99%E7%9C%9F%E3%83%90%E3%83%83%E3%82%B0+%E3%83%AC%E3%82%B8%E3%83%A3%E3%83%BC+%E3%82%A2%E3%82%A6%E3%83%88%E3%83%89%E3%82%A2+%E3%82%AB%E3%82%B8%E3%83%A5%E3%82%A2%E3%83%AB+%E3%83%AA%E3%83%A5%E3%83%83%E3%82%AF%E3%82%B5%E3%83%83%E3%82%AF+%E3%83%8F%E3%82%A4%E3%82%AD%E3%83%B3%E3%82%B0+%E6%97%85%E8%A1%8C+%E3%83%AA%E3%83%A5%E3%83%83%E3%82%AF%E3%82%B5%E3%83%83 HTTP/1.1" 200 7847 "-" "Mozilla/5.0 (Linux; Android 6.0.1; Nexus 5X Build/MMB29P) AppleWebKit/537.36 (KHTML, like Gecko) Chrome/140.0.7339.185 Mobile Safari/537.36 (compatible; Googlebot/2.1; +http://www.google.com/bot.html)"
66.249.70.69 - - [20/Sep/2025:00:16:11 +0300] "GET /?o=9710865874000&channel=2b78bc&from=goods.php%3Fid%3D658740-21627%26name%3D%E3%83%94%E3%83%B3%E3%82%AF%E3%83%95%E3%83%A9%E3%83%AF%E3%83%BCDC%E3%82%B3%E3%83%BC%E3%83%92%E3%83%BC%E7%A2%97%E7%9A%BF+%E6%B4%8B%E9%A3%9F%E5%99%A8+%E3%82%AB%E3%83%83%E3%83%97%EF%BC%86%E3%82%BD%E3%83%BC%E3%82%B5%E3%83%BC+%E3%82%B3%E3%83%BC%E3%83%92%E3%83%BC+%E6%A5%AD%E5%8B%99%E7%94%A8+%E5%96%AB%E8%8C%B6%E5%BA%97+%E7%8F%88%E7%90%B2%E5%B1%8B+%E3%82%AB%E3%83%95%E3%82%A7+%E3%82%B1%E3%83%BC%E3%82%AD%E5%B1%8B+%E8%8A%B1%E6%9F%84+%E3%82%B7%E3%83%B3%E3%83%97%E3%83%AB+%E3%83%91%E3%83%B3%E5%B1%8B+%E3%83%99%E3%83%BC%E3%82%AB%E3%83%AA%E3%83%BC%E3%82%AB%E3%83%95%E3%82%A7 HTTP/1.1" 200 7847 "-" "Mozilla/5.0 (Linux; Android 6.0.1; Nexus 5X Build/MMB29P) AppleWebKit/537.36 (KHTML, like Gecko) Chrome/140.0.7339.185 Mobile Safari/537.36 (compatible; Googlebot/2.1; +http://www.google.com/bot.html)"
66.249.70.69 - - [20/Sep/2025:00:16:13 +0300] "GET /?o=50266102487207&channel=a830a6&from=category-info.php%3Fid%3D1024872-5727%26name%3D%E3%82%B9%E3%82%AB%E3%83%BC%E3%83%95+%E3%82%B7%E3%83%A7%E3%83%BC%E3%83%AB+%E3%83%A9%E3%83%83%E3%83%97+%E3%82%A8%E3%83%AC%E3%82%AC%E3%83%B3%E3%83%88+%E3%83%90%E3%82%BF%E3%83%95%E3%83%A9%E3%82%A4+%E3%83%97%E3%83%AA%E3%83%B3%E3%83%88+%E3%82%BF%E3%83%83%E3%82%BB%E3%83%AB+%E3%82%B9%E3%82%AB%E3%83%BC%E3%83%95+%E3%82%BD%E3%83%95%E3%83%88+%E3%83%95%E3%82%A7%E3%82%A4%E3%82%AF%E3%82%A6%E3%83%BC%E3%83%AB+%E3%82%B9%E3%82%AB%E3%83%BC%E3%83%95+%E6%97%A5%E5%B8%B8%E7%9D%80%E7%94%A8+%E3%83%91%E3%83%BC%E3%83%86 HTTP/1.1" 200 7847 "-" "Mozilla/5.0 (Linux; Android 6.0.1; Nexus 5X Build/MMB29P) AppleWebKit/537.36 (KHTML, like Gecko) Chrome/140.0.7339.185 Mobile Safari/537.36 (compatible; Googlebot/2.1; +http://www.google.com/bot.html)"
66.249.70.69 - - [20/Sep/2025:00:16:14 +0300] "GET /?o=2783184781804&channel=297999&from=blog.php%3Fid%3D847818-8973%26name%3D%E5%A4%A7%E3%81%8D%E3%81%AA%E3%83%96%E3%83%A9%E3%83%B3%E3%82%B1%E3%83%83%E3%83%88%E3%83%94%E3%83%B3+30+%E5%80%8B%E3%83%91%E3%83%83%E3%82%AF%E9%A0%91%E4%B8%88%E3%81%AA%E3%83%94%E3%83%B3%E3%82%AF%E3%83%A9%E3%83%95%E3%83%88%E3%82%B9%E3%82%AB%E3%83%BC%E3%83%88%E3%82%AD%E3%83%AB%E3%83%88%E5%A5%B3%E3%81%AE%E5%AD%90%E3%82%AF%E3%83%A9%E3%83%95%E3%83%88%E3%82%A2%E3%82%AF%E3%82%BB%E3%82%B5%E3%83%AA%E3%83%BC%E4%B8%88%E5%A4%AB%E3%81%AA%E5%AE%89%E5%85%A8%E3%83%94%E3%83%B3 HTTP/1.1" 200 7847 "-" "Mozilla/5.0 (Linux; Android 6.0.1; Nexus 5X Build/MMB29P) AppleWebKit/537.36 (KHTML, like Gecko) Chrome/140.0.7339.185 Mobile Safari/537.36 (compatible; Googlebot/2.1; +http://www.google.com/bot.html)"
149.57.180.49 - - [20/Sep/2025:00:16:16 +0300] "GET / HTTP/1.1" 200 7847 "-" "Mozilla/5.0 (X11; Linux i686; rv:109.0) Gecko/20100101 Firefox/120.0"
66.249.70.69 - - [20/Sep/2025:00:16:19 +0300] "GET /?o=04033133017804&channel=91ee98&from=shared.php%3Fid%3D1330178-1354%26name%3D%E3%80%90%E9%80%81%E6%96%99%E7%84%A1%E6%96%99%EF%BC%81%E3%80%91%E3%80%90%EF%BC%94%E6%9E%9A%E3%82%BB%E3%83%83%E3%83%88%E3%80%91+%E8%B6%85%E5%90%B8%E6%B0%B4%E9%80%9F%E4%B9%BE+256%E3%83%98%E3%82%A2%E3%83%89%E3%83%A9%E3%82%A4%E3%82%BF%E3%82%AA%E3%83%AB+MASCLUB+%E3%82%BF%E3%82%AA%E3%83%AB+%E6%B9%AF%E4%B8%8A%E3%81%8C%E3%82%8A+%E8%B6%85%E9%AB%98%E5%90%B8%E6%B0%B4+%E6%B4%97%E9%A1%94+%E6%B4%97%E9%AB%AA+%E5%90%B8%E6%B0%B4%E3%82%BF%E3%82%AA%E3%83%AB+%E3%83%98%E3%82%A2%E3%83%89%E3%83%A9%E3%82%A4+%E9%80%9F%E4%B9%BE%E3%80%80%E3%83%90%E3%82%B9%E3%82%BF%E3%82%AA%E3%83%AB+%E3%83%89%E3%83%A9%E3%82%A4 HTTP/1.1" 200 7847 "-" "Mozilla/5.0 (Linux; Android 6.0.1; Nexus 5X Build/MMB29P) AppleWebKit/537.36 (KHTML, like Gecko) Chrome/140.0.7339.185 Mobile Safari/537.36 (compatible; Googlebot/2.1; +http://www.google.com/bot.html)"
66.249.70.69 - - [20/Sep/2025:00:16:23 +0300] "GET /?o=33976124768601&channel=cc23c8&from=brands.php%3Fid%3D1247686-1076%26name%3D%E3%82%BF%E3%82%AB%E3%83%9F%E3%82%B9%E3%82%AD%E3%83%B3%E3%83%94%E3%83%BC%E3%83%AB%E3%82%A8%E3%83%83%E3%82%BB%E3%83%B3%E3%82%B9%E3%80%80%E3%83%93%E3%82%BF%E3%83%9F%E3%83%B3C%E8%AA%98%E5%B0%8E%E4%BD%93%E7%BE%8E%E5%AE%B9%E6%B6%B2%E3%80%80%E5%90%84%E7%A9%BA%E3%81%8D%E7%93%B6%E3%80%80%E3%81%BE%E3%81%A8%E3%82%81%E5%A3%B2%E3%82%8A HTTP/1.1" 200 7847 "-" "Mozilla/5.0 (Linux; Android 6.0.1; Nexus 5X Build/MMB29P) AppleWebKit/537.36 (KHTML, like Gecko) Chrome/140.0.7339.185 Mobile Safari/537.36 (compatible; Googlebot/2.1; +http://www.google.com/bot.html)"
66.249.70.69 - - [20/Sep/2025:00:16:27 +0300] "GET /?o=73857102175601&channel=8e1036&from=shared.php%3Fid%3D1021756-19057%26name%3D%E3%80%90%E3%82%B9%E3%83%91%E3%83%B3%E3%82%AD%E3%83%BC%E3%82%AC%E3%83%BC%E3%83%AB%E3%82%BA%E3%80%91%E9%95%B7%E8%A2%96%E3%83%87%E3%83%8B%E3%83%A0%E3%83%95%E3%83%AC%E3%82%A2%E3%83%AF%E3%83%B3%E3%83%94%E3%83%BC%E3%82%B9%E3%80%80%E8%82%A9%E3%83%95%E3%83%AA%E3%83%AB%E3%80%80%E6%98%A5%E3%80%80%E3%83%AD%E3%82%B4%E5%88%BA%E7%B9%8D HTTP/1.1" 200 7847 "-" "Mozilla/5.0 (Linux; Android 6.0.1; Nexus 5X Build/MMB29P) AppleWebKit/537.36 (KHTML, like Gecko) Chrome/140.0.7339.185 Mobile Safari/537.36 (compatible; Googlebot/2.1; +http://www.google.com/bot.html)"
66.249.70.69 - - [20/Sep/2025:00:16:31 +0300] "GET /?o=81357124018401&channel=e1475d&from=category-info.php%3Fid%3D1240184-14693%26name%3D%E3%82%AD%E3%83%BC%E3%82%B9%E3%83%98%E3%83%AA%E3%83%B3%E3%82%B0+%E7%9B%AE%E8%A6%9A%E3%81%BE%E3%81%97%E6%99%82%E8%A8%88+%E3%82%A2%E3%83%8A%E3%83%AD%E3%82%B0+%E5%A4%A7%E9%9F%B3%E9%87%8F+%E3%82%A2%E3%83%A9%E3%83%BC%E3%83%A0+%E3%83%9E%E3%83%AB%E3%83%81%E3%82%AB%E3%83%A9%E3%83%BC%E8%AA%BF%E6%95%B4%E5%8F%AF%E8%83%BD+%E7%BD%AE%E3%81%8D%E6%99%82%E8%A8%88+%E3%83%87%E3%82%B8%E3%82%BF%E3%83%AB+%E3%82%AB%E3%83%AC%E3%83%B3%E3%83%80%E3%83%BC+%E6%B8%A9%E5%BA%A6+%E6%B9%BF%E5%BA%A6+%E3%82%AB%E3%83%AC%E3%83%B3%E3%83%80 HTTP/1.1" 200 7847 "-" "Mozilla/5.0 (Linux; Android 6.0.1; Nexus 5X Build/MMB29P) AppleWebKit/537.36 (KHTML, like Gecko) Chrome/140.0.7339.185 Mobile Safari/537.36 (compatible; Googlebot/2.1; +http://www.google.com/bot.html)"
66.249.70.69 - - [20/Sep/2025:00:16:34 +0300] "GET /?o=580388833204&channel=69f368&from=blog.php%3Fid%3D88332-4121%26name%3D%E3%80%901PIU1UGUALE3+RELAX%E3%80%91%E3%83%A9%E3%82%A4%E3%83%B3%E3%82%B9%E3%83%88%E3%83%BC%E3%83%B3%E3%82%B8%E3%83%83%E3%83%97%E3%83%AD%E3%82%B4%E3%82%B9%E3%82%A6%E3%82%A7%E3%83%83%E3%83%88%E3%83%91%E3%83%B3%E3%83%84 HTTP/1.1" 200 7847 "-" "Mozilla/5.0 (Linux; Android 6.0.1; Nexus 5X Build/MMB29P) AppleWebKit/537.36 (KHTML, like Gecko) Chrome/140.0.7339.185 Mobile Safari/537.36 (compatible; Googlebot/2.1; +http://www.google.com/bot.html)"
66.249.70.69 - - [20/Sep/2025:00:16:34 +0300] "GET /?o=78691133735805&channel=69bd4c&from=blog.php%3Fid%3D1337358-12173%26name%3D%E6%A5%B5%E7%BE%8E%E5%93%81VANSON%E3%83%90%E3%83%B3%E3%82%BD%E3%83%B3+%E3%83%97%E3%83%AD%E3%83%86%E3%82%AF%E3%82%BF%E3%83%BC+%E3%83%90%E3%82%A4%E3%82%AB%E3%83%BC+%E3%82%AB%E3%83%A2%E3%83%95%E3%83%A9+%E3%83%9C%E3%83%B3%E3%83%90%E3%83%BC%E3%82%B8%E3%83%A3%E3%82%B1%E3%83%83%E3%83%88 HTTP/1.1" 200 7847 "-" "Mozilla/5.0 (Linux; Android 6.0.1; Nexus 5X Build/MMB29P) AppleWebKit/537.36 (KHTML, like Gecko) Chrome/140.0.7339.185 Mobile Safari/537.36 (compatible; Googlebot/2.1; +http://www.google.com/bot.html)"
66.249.70.69 - - [20/Sep/2025:00:16:34 +0300] "GET /?o=6782018189201&channel=61e7af&from=news.php%3Fid%3D181892-9457%26name%3D%E5%AE%87%E5%AE%99%E6%88%A6%E8%89%A6+%E3%83%A4%E3%83%9E%E3%83%88+%E3%82%B3%E3%82%B9%E3%83%A2%E3%83%95%E3%82%A1%E3%83%AB%E3%82%B3%E3%83%B3+%E3%83%95%E3%83%AD%E3%82%B9%E3%83%88%E3%83%95%E3%83%A9%E3%83%AF%E3%83%BC HTTP/1.1" 200 7847 "-" "Mozilla/5.0 (Linux; Android 6.0.1; Nexus 5X Build/MMB29P) AppleWebKit/537.36 (KHTML, like Gecko) Chrome/140.0.7339.185 Mobile Safari/537.36 (compatible; Googlebot/2.1; +http://www.google.com/bot.html)"
57.141.6.68 - - [20/Sep/2025:00:18:56 +0300] "GET /?o=11004118907003& HTTP/1.1" 200 7847 "-" "meta-externalagent/1.1 (+https://developers.facebook.com/docs/sharing/webmasters/crawler)"
66.249.70.69 - - [20/Sep/2025:00:19:34 +0300] "GET /?o=78127163108003&channel=c9d9fc&from=brands.php%3Fid%3D1631080-3969%26name%3D%E8%AA%BF%E7%AF%80%E5%8F%AF%E8%83%BD%E3%81%AA%E7%B8%84%E8%B7%B3%E3%81%B3+360%E5%9B%9E%E8%BB%A2%E3%83%99%E3%82%A2%E3%83%AA%E3%83%B3%E3%82%B0+%E7%B8%84%E8%B7%B3%E3%81%B3+%E6%BB%91%E3%82%8A%E6%AD%A2%E3%82%81%E3%83%8F%E3%83%B3%E3%83%89%E3%83%AB+%E4%BC%B8%E7%B8%AE%E7%B8%84%E8%B7%B3%E3%81%B3+%E3%83%AC%E3%83%87%E3%82%A3%E3%83%BC%E3%82%B9+%E3%83%A1%E3%83%B3%E3%82%BA+%E3%82%AD%E3%83%83%E3%82%BA HTTP/1.1" 200 7847 "-" "Mozilla/5.0 (Linux; Android 6.0.1; Nexus 5X Build/MMB29P) AppleWebKit/537.36 (KHTML, like Gecko) Chrome/140.0.7339.185 Mobile Safari/537.36 (compatible; Googlebot/2.1; +http://www.google.com/bot.html)"
66.249.70.69 - - [20/Sep/2025:00:19:51 +0300] "GET /?o=87292126021505&channel=e3b8a3&from=form.php%3Fid%3D1260215-18003%26name%3DPsdndeww+Golfs+%E3%82%A2%E3%82%A4%E3%82%A2%E3%83%B3%E3%83%98%E3%83%83%E3%83%89%E3%82%AB%E3%83%90%E3%83%BC+%E3%82%B4%E3%83%AB%E3%83%95%E3%82%AF%E3%83%A9%E3%83%96+%E3%82%B4%E3%83%AB%E3%83%95%E3%83%91%E3%82%BF%E3%83%BC+%E4%BF%9D%E8%AD%B7%E3%82%AC%E3%83%BC%E3%83%89%E3%83%98%E3%83%83%E3%83%89+%E3%83%89%E3%83%A9%E3%82%A4%E3%83%90%E3%83%BC+%E3%82%B4%E3%83%AB%E3%83%95%E3%83%98%E3%83%83%E3%83%89%E7%94%A8 HTTP/1.1" 200 7847 "-" "Mozilla/5.0 (Linux; Android 6.0.1; Nexus 5X Build/MMB29P) AppleWebKit/537.36 (KHTML, like Gecko) Chrome/140.0.7339.127 Mobile Safari/537.36 (compatible; Googlebot/2.1; +http://www.google.com/bot.html)"
57.141.6.58 - - [20/Sep/2025:00:19:57 +0300] "GET /?o=97987111584300& HTTP/1.1" 200 7847 "-" "meta-externalagent/1.1 (+https://developers.facebook.com/docs/sharing/webmasters/crawler)"
66.249.70.70 - - [20/Sep/2025:00:20:53 +0300] "GET /?o=10424124633100&channel=49bda5&from=jp.php%3Fid%3D1246331-2893%26name%3Dsnidel+girl+%E3%83%95%E3%83%AA%E3%83%AB%E4%BB%98%E3%81%8D%E3%83%94%E3%83%B3%E3%82%AF%E3%83%93%E3%82%AD%E3%83%8B%E3%82%BB%E3%83%83%E3%83%88 HTTP/1.1" 200 7847 "-" "Mozilla/5.0 (Linux; Android 6.0.1; Nexus 5X Build/MMB29P) AppleWebKit/537.36 (KHTML, like Gecko) Chrome/140.0.7339.127 Mobile Safari/537.36 (compatible; Googlebot/2.1; +http://www.google.com/bot.html)"
57.141.6.29 - - [20/Sep/2025:00:22:01 +0300] "GET /?o=1278790911904& HTTP/1.1" 200 7847 "-" "meta-externalagent/1.1 (+https://developers.facebook.com/docs/sharing/webmasters/crawler)"
66.249.70.70 - - [20/Sep/2025:00:24:49 +0300] "GET /?o=46108107950900&channel=7937c4&from=article.php%3Fid%3D1079509-25913%26name%3D%E3%80%90%E3%82%A4%E3%83%88%E3%83%BC%E3%83%A8%E3%83%BC%E3%82%AB%E3%83%89%E3%83%BC%E3%82%AA%E3%83%AA%E3%82%B8%E3%83%8A%E3%83%AB%E3%80%91%E2%98%85%E3%83%88%E3%83%9F%E3%82%AB%E2%98%85%E3%83%88%E3%83%A8%E3%82%BF2000GT%E2%98%85%E3%83%88%E3%83%AA%E3%82%B3%E3%83%AD%E3%83%BC%E3%83%AB%E4%BB%95%E6%A7%98%E2%98%85%E6%96%B0%E5%93%81%E2%98%85%E3%81%8A%E3%81%BE%E3%81%A8%E3%82%81%E7%99%BA%E9%80%81%E6%AD%93%E8%BF%8E HTTP/1.1" 200 7847 "-" "Mozilla/5.0 (Linux; Android 6.0.1; Nexus 5X Build/MMB29P) AppleWebKit/537.36 (KHTML, like Gecko) Chrome/140.0.7339.127 Mobile Safari/537.36 (compatible; Googlebot/2.1; +http://www.google.com/bot.html)"
57.141.6.4 - - [20/Sep/2025:00:26:53 +0300] "GET /?o=91706148691400& HTTP/1.1" 200 7847 "-" "meta-externalagent/1.1 (+https://developers.facebook.com/docs/sharing/webmasters/crawler)"
66.249.70.66 - - [20/Sep/2025:00:27:07 +0300] "GET /?o=7786757289703&channel=9fbb88&from=product.php%3Fid%3D572897-6030%26name%3D%5B%E3%83%90%E3%83%BC%E3%83%8B%E3%83%B4%E3%82%A1%E3%83%BC%E3%83%8E%5D+95cm+2%E3%82%BF%E3%83%83%E3%82%AF%E3%82%B8%E3%83%BC%E3%83%B3%E3%82%BA+%E6%98%A5%E5%A4%8F+%E3%83%A1%E3%83%B3%E3%82%BA+%E3%83%86%E3%83%B3%E3%82%BB%E3%83%AB%E6%B7%B7+%E3%83%AD%E3%82%B4%E5%88%BA%E7%B9%8D+%E3%83%87%E3%83%8B%E3%83%A0%E3%83%91%E3%83%B3%E3%83%84+%E6%97%A5%E6%9C%AC%E8%A3%BD+g-5278-09-2 HTTP/1.1" 200 7847 "-" "Mozilla/5.0 (Linux; Android 6.0.1; Nexus 5X Build/MMB29P) AppleWebKit/537.36 (KHTML, like Gecko) Chrome/140.0.7339.127 Mobile Safari/537.36 (compatible; Googlebot/2.1; +http://www.google.com/bot.html)"
66.249.70.67 - - [20/Sep/2025:00:29:22 +0300] "GET /?o=2221956949500&channel=91786c&from=goods.php%3Fid%3D569495-15982%26name%3D%E3%83%A8%E3%83%8D%E3%83%83%E3%82%AF%E3%82%B9%E3%80%80+%E3%83%AA%E3%83%90%E3%83%BC%E3%82%B7%E3%83%96%E3%83%AB%E3%82%B8%E3%83%A3%E3%82%B1%E3%83%83%E3%83%88 HTTP/1.1" 200 7847 "-" "Mozilla/5.0 (Linux; Android 6.0.1; Nexus 5X Build/MMB29P) AppleWebKit/537.36 (KHTML, like Gecko) Chrome/140.0.7339.127 Mobile Safari/537.36 (compatible; Googlebot/2.1; +http://www.google.com/bot.html)"
66.249.70.65 - - [20/Sep/2025:00:30:23 +0300] "GET /?o=1183363507101&channel=407da3&from=shared.php%3Fid%3D635071-4733%26name%3D6E5-45945-01-EL-00+13+1%2F4x17-K+%E3%82%A2%E3%83%AB%E3%83%9F%E3%83%8B%E3%82%A6%E3%83%A0%E5%90%88%E9%87%91%E3%83%97%E3%83%AD%E3%83%9A%E3%83%A9+75HP+85HP+90HP+115HP+%E8%88%B9 HTTP/1.1" 200 7847 "-" "Mozilla/5.0 (Linux; Android 6.0.1; Nexus 5X Build/MMB29P) AppleWebKit/537.36 (KHTML, like Gecko) Chrome/140.0.7339.127 Mobile Safari/537.36 (compatible; Googlebot/2.1; +http://www.google.com/bot.html)"
57.141.6.51 - - [20/Sep/2025:00:33:38 +0300] "GET /?o=69174100350702& HTTP/1.1" 200 7847 "-" "meta-externalagent/1.1 (+https://developers.facebook.com/docs/sharing/webmasters/crawler)"
66.249.70.67 - - [20/Sep/2025:00:36:10 +0300] "GET /?o=1059877162007&channel=634ae7&from=brands.php%3Fid%3D771620-14415%26name%3D%E3%80%90%E7%BE%8E%E5%93%81%E3%80%91%E3%83%AA%E3%83%AA%E3%80%80%E5%A4%A7%E5%88%A4%E3%83%9E%E3%83%95%E3%83%A9%E3%83%BC%E3%80%80%E3%82%AB%E3%82%B7%E3%83%9F%E3%83%A4%E6%B7%B7%E3%80%80%E3%83%99%E3%83%BC%E3%82%B8%E3%83%A5 HTTP/1.1" 200 7847 "-" "Mozilla/5.0 (Linux; Android 6.0.1; Nexus 5X Build/MMB29P) AppleWebKit/537.36 (KHTML, like Gecko) Chrome/140.0.7339.127 Mobile Safari/537.36 (compatible; Googlebot/2.1; +http://www.google.com/bot.html)"
66.249.70.71 - - [20/Sep/2025:00:43:11 +0300] "GET /?o=0086687056701&channel=3546bb&from=news.php%3Fid%3D870567-6984%26name%3D%E3%83%AB%E3%83%BC%E3%83%95%E3%83%86%E3%83%B3%E3%83%88%E3%82%AD%E3%83%A3%E3%83%B3%E3%83%97%E7%94%A8%E3%81%AE%E5%A4%9A%E7%9B%AE%E7%9A%84%E6%8B%A1%E5%BC%B5%E5%8F%AF%E8%83%BD%E3%81%AA%E4%BC%B8%E7%B8%AE%E3%83%A9%E3%83%80%E3%83%BC8m%2F7m%2F6.2m%2F5m%2F4m%2F3.8m%2F2.6m%E3%81%AE8m%2F7m%2F6.2m%2F5m%2F HTTP/1.1" 200 7847 "-" "Mozilla/5.0 (Linux; Android 6.0.1; Nexus 5X Build/MMB29P) AppleWebKit/537.36 (KHTML, like Gecko) Chrome/140.0.7339.127 Mobile Safari/537.36 (compatible; Googlebot/2.1; +http://www.google.com/bot.html)"
66.249.70.69 - - [20/Sep/2025:00:45:33 +0300] "GET /?o=87176162951600&channel=eda339&from=info.php%3Fid%3D1629516-30954%26name%3DCD+HEART%2C+%E4%BA%95%E5%8F%A3%E4%B8%80%E5%BD%A6%3B+%E8%97%A4%E5%B0%BE%E9%A0%98+%E3%82%A2%E3%82%AB%E3%82%B7%E3%82%A2+AMCX4111PROMO+%E3%83%97%E3%83%AD%E3%83%A2+%E6%9C%AA%E9%96%8B%E5%B0%81+%2F00110 HTTP/1.1" 200 7847 "-" "Mozilla/5.0 (Linux; Android 6.0.1; Nexus 5X Build/MMB29P) AppleWebKit/537.36 (KHTML, like Gecko) Chrome/140.0.7339.185 Mobile Safari/537.36 (compatible; Googlebot/2.1; +http://www.google.com/bot.html)"
57.141.6.55 - - [20/Sep/2025:00:47:13 +0300] "GET /?o=8846133862800& HTTP/1.1" 200 7847 "-" "meta-externalagent/1.1 (+https://developers.facebook.com/docs/sharing/webmasters/crawler)"
66.249.70.65 - - [20/Sep/2025:00:50:39 +0300] "GET /?o=65695129342901&channel=25d3cf&from=jp.php%3Fid%3D1293429-25966%26name%3D%E6%BB%91%E3%82%8A%E6%AD%A2%E3%82%81%E7%8A%AC%E7%94%A8%E3%82%B7%E3%83%A5%E3%83%BC%E3%82%BA+-+%E9%98%B2%E6%B0%B4%E6%BB%91%E3%82%8A%E6%AD%A2%E3%82%81%E7%8A%AC%E7%94%A8%E3%83%96%E3%83%BC%E3%83%84%E3%80%81%E3%83%AA%E3%82%A2%E3%83%AB%E3%82%BF%E3%82%A4%E3%83%A0%E7%BF%BB%E8%A8%B3%E3%83%87%E3%83%90%E3%82%A4%E3%82%B9+%E5%B1%8B%E5%A4%96%E7%94%A8%E7%8A%AC%E7%94%A8%E3%83%96%E3%83%BC%E3%83%84+%7C%E9%9B%AA%E3%82%84%E9%9B%A8%E3%81%AE%E4%B8%AD%E3%81%A7%E5%B0%8F%E5%9E%8B%E3%81%8A%E3%82%88%E3%81%B3%E4%B8%AD%E5%9E%8B%E7%8A%AC%E7%94%A8%E3%81%AE%E8%AA%BF%E7%AF%80 HTTP/1.1" 200 7847 "-" "Mozilla/5.0 (Linux; Android 6.0.1; Nexus 5X Build/MMB29P) AppleWebKit/537.36 (KHTML, like Gecko) Chrome/140.0.7339.127 Mobile Safari/537.36 (compatible; Googlebot/2.1; +http://www.google.com/bot.html)"
66.249.70.67 - - [20/Sep/2025:00:51:12 +0300] "GET /?o=1008092891300&channel=03f265&from=category-info.php%3Fid%3D928913-7941%26name%3D%E5%B1%B1%E3%81%A8%E9%81%93+light+5-pocket+shorts%C2%A0SPRUCE HTTP/1.1" 200 7847 "-" "Mozilla/5.0 (Linux; Android 6.0.1; Nexus 5X Build/MMB29P) AppleWebKit/537.36 (KHTML, like Gecko) Chrome/140.0.7339.127 Mobile Safari/537.36 (compatible; Googlebot/2.1; +http://www.google.com/bot.html)"
66.249.70.66 - - [20/Sep/2025:00:51:13 +0300] "GET /?o=9918597297809&channel=d68c50&from=article.php%3Fid%3D972978-5495%26name%3D%E7%A8%80%E5%B0%91+MaruMan+GL-30+%E3%83%9E%E3%83%AB%E3%83%9E%E3%83%B3+%E3%83%A9%E3%82%A4%E3%82%BF%E3%83%BC+Silver+%E3%82%B8%E3%83%A3%E3%83%B3%E3%82%AF HTTP/1.1" 200 7847 "-" "Mozilla/5.0 (Linux; Android 6.0.1; Nexus 5X Build/MMB29P) AppleWebKit/537.36 (KHTML, like Gecko) Chrome/140.0.7339.127 Mobile Safari/537.36 (compatible; Googlebot/2.1; +http://www.google.com/bot.html)"
45.130.203.156 - - [20/Sep/2025:00:52:52 +0300] "GET /autodiscover/autodiscover.xml HTTP/1.1" 400 52 "-" "Python-urllib/3.10"
66.249.70.67 - - [20/Sep/2025:00:53:31 +0300] "GET /?o=72999126917800&channel=677d5f&from=blog.php%3Fid%3D1269178-19021%26name%3D7%E5%80%8B+%E3%82%B0%E3%83%AA%E3%83%BC%E3%83%86%E3%82%A3%E3%83%B3%E3%82%B0+%E3%82%AB%E3%83%BC%E3%83%89+DIY+%E3%83%87+%E3%82%B9%E3%82%AF+%E3%83%96%E3%83%83%E3%82%AF+%E3%83%AA%E3%83%9C%E3%83%B3+%E3%83%88%E3%83%AA%E3%83%A0+%E3%82%B0%E3%83%AA%E3%83%83%E3%82%BF%E3%83%BC+%E3%82%B9%E3%83%86%E3%83%83%E3%82%AB%E3%83%BC+%E3%82%B9%E3%83%86%E3%83%83%E3%82%AB%E3%83%BC+DIY+%E3%82%AF%E3%83%A9%E3%83%95%E3%83%88+%E3%82%B9%E3%83%86%E3%83%83 HTTP/1.1" 200 7847 "-" "Mozilla/5.0 (Linux; Android 6.0.1; Nexus 5X Build/MMB29P) AppleWebKit/537.36 (KHTML, like Gecko) Chrome/140.0.7339.127 Mobile Safari/537.36 (compatible; Googlebot/2.1; +http://www.google.com/bot.html)"
