66.249.70.65 - - [20/Sep/2025:00:53:49 +0300] "GET /?o=0770610469100&channel=865cfb&from=article.php%3Fid%3D104691-2629%26name%3D%E5%B1%8B%E5%A4%96%E7%94%A8%E3%83%99%E3%83%B3%E3%83%81%E3%80%81%E3%82%AC%E3%83%BC%E3%83%87%E3%83%B3%E3%83%81%E3%82%A7%E3%82%A2%E3%80%81%E5%85%AC%E5%9C%92%E3%81%AE%E3%83%99%E3%83%B3%E3%83%81%E3%80%81%E6%9C%A8%E8%A3%BD%E3%82%B9%E3%83%84%E3%83%BC%E3%83%AB%E3%80%81%E3%83%8F%E3%83%BC%E3%83%95%E3%83%A9%E3%82%A6%E3%83%B3%E3%83%89%E3%80%81%E3%83%90%E3%83%AB%E3%82%B3%E3%83%8B%E3%83%BC%E3%83%95%E3%83%A9%E3%83%AF%E3%83%BC%E3%82%B9%E3%82%BF%E3%83%B3%E3%83%89%E3%80%81%E5%85%AC%E5%9C%92%E3%81%AE%E5%BA%A7%E5%B8%AD%E3%80%81%E9%98%B2%E8%85%90%E6%9C%A8%E6%9D%90%E3%80%81%E6%9C%A8%E3%81%AE%E5%91%A8%E3%82%8A+%E5%87%BA%E5%BB%BB%E3%82%8B HTTP/1.1" 200 7847 "-" "Mozilla/5.0 (Linux; Android 6.0.1; Nexus 5X Build/MMB29P) AppleWebKit/537.36 (KHTML, like Gecko) Chrome/140.0.7339.127 Mobile Safari/537.36 (compatible; Googlebot/2.1; +http://www.google.com/bot.html)"
114.119.147.152 - - [20/Sep/2025:00:54:01 +0300] "GET /robots.txt HTTP/1.1" 200 7847 "-" "Mozilla/5.0 (compatible;PetalBot;+https://webmaster.petalsearch.com/site/petalbot)"
114.119.146.117 - - [20/Sep/2025:00:54:05 +0300] "GET /robots.txt HTTP/1.1" 200 7847 "-" "Mozilla/5.0 (compatible;PetalBot;+https://webmaster.petalsearch.com/site/petalbot)"
57.141.6.55 - - [20/Sep/2025:00:54:46 +0300] "GET /?o=90660153332008& HTTP/1.1" 200 7847 "-" "meta-externalagent/1.1 (+https://developers.facebook.com/docs/sharing/webmasters/crawler)"
66.249.70.70 - - [20/Sep/2025:00:57:39 +0300] "GET /?o=73879116399503&channel=12ad32&from=goods.php%3Fid%3D1163995-1356%26name%3D%E3%83%88%E3%83%BC%E3%83%88%E3%83%90%E3%83%83%E3%82%B0+%E3%83%9F%E3%83%8B%E3%83%88%E3%83%BC%E3%83%88%E3%83%90%E3%83%83%E3%82%B0+%E3%83%96%E3%83%A9%E3%83%83%E3%82%AF HTTP/1.1" 200 7847 "-" "Mozilla/5.0 (Linux; Android 6.0.1; Nexus 5X Build/MMB29P) AppleWebKit/537.36 (KHTML, like Gecko) Chrome/140.0.7339.127 Mobile Safari/537.36 (compatible; Googlebot/2.1; +http://www.google.com/bot.html)"
66.249.70.70 - - [20/Sep/2025:00:59:31 +0300] "GET /?o=97737121540500&channel=8ac620&from=shared.php%3Fid%3D1215405-20263%26name%3D%E3%80%90%E6%96%B0%E5%93%81%E3%80%91+amiibo+%E3%83%87%E3%83%87%E3%83%87+%E7%BF%92%E3%81%86+%28%E5%A4%A7%E4%B9%B1%E9%97%98%E3%82%B9%E3%83%9E%E3%83%83%E3%82%B7%E3%83%A5%E3%83%96%E3%83%A9%E3%82%B6%E3%83%BC%E3%82%BA%E3%82%B7%E3%83%AA%E3%83%BC%E3%82%BA%29+GAME+%E5%80%89%E5%BA%ABL HTTP/1.1" 200 7847 "-" "Mozilla/5.0 (Linux; Android 6.0.1; Nexus 5X Build/MMB29P) AppleWebKit/537.36 (KHTML, like Gecko) Chrome/140.0.7339.127 Mobile Safari/537.36 (compatible; Googlebot/2.1; +http://www.google.com/bot.html)"
66.249.70.71 - - [20/Sep/2025:01:00:04 +0300] "GET /?o=57982128893206&channel=cd220d&from=blog.php%3Fid%3D1288932-18140%26name%3D%E6%9C%A8%E7%8F%A0%E3%81%AE%E3%82%8C%E3%82%93+%E6%98%AD%E5%92%8C%E3%83%AC%E3%83%88%E3%83%AD+%E6%9C%A8%E8%A3%BD+85cm+%EF%BD%98120cm+%E3%83%99%E3%83%BC%E3%82%B8%E3%83%A5%E2%91%A3 HTTP/1.1" 200 7847 "-" "Mozilla/5.0 (Linux; Android 6.0.1; Nexus 5X Build/MMB29P) AppleWebKit/537.36 (KHTML, like Gecko) Chrome/140.0.7339.185 Mobile Safari/537.36 (compatible; Googlebot/2.1; +http://www.google.com/bot.html)"
66.249.70.69 - - [20/Sep/2025:01:00:05 +0300] "GET /?o=3415434352606&channel=c138e0&from=pin.php%3Fid%3D343526-4472%26name%3DFLOSS+FUCSIA%E3%82%B7%E3%83%A3%E3%83%B3%E3%83%87%E3%83%AA%E3%82%A2+%E3%82%AC%E3%83%A9%E3%82%B9%E8%A3%BD+%E5%86%86%E9%8C%90%E5%BD%A2 HTTP/1.1" 200 7847 "-" "Mozilla/5.0 (Linux; Android 6.0.1; Nexus 5X Build/MMB29P) AppleWebKit/537.36 (KHTML, like Gecko) Chrome/140.0.7339.185 Mobile Safari/537.36 (compatible; Googlebot/2.1; +http://www.google.com/bot.html)"
66.249.70.69 - - [20/Sep/2025:01:00:45 +0300] "GET /?o=64159126095805&channel=09572b&from=article.php%3Fid%3D1260958-12291%26name%3D%E3%83%80%E3%82%A4%E3%83%A4%E3%83%A2%E3%83%B3%E3%83%89%E3%82%B3%E3%82%A2%E3%83%93%E3%83%83%E3%83%88%E7%94%A8%E3%81%AE%E3%82%B9%E3%83%AC%E3%83%83%E3%83%89%E3%82%A2%E3%83%80%E3%83%97%E3%82%BF%E3%83%BC%E3%80%81%E3%82%B3%E3%82%A2%E3%83%89%E3%83%AA%E3%83%AB%E7%94%A8%E3%81%AE%E9%87%91%E5%B1%9E%E8%A3%BD%E3%82%B3%E3%83%B3%E3%83%90%E3%83%BC%E3%82%BF%E3%83%BC%2C+140mm HTTP/1.1" 200 7847 "-" "Mozilla/5.0 (Linux; Android 6.0.1; Nexus 5X Build/MMB29P) AppleWebKit/537.36 (KHTML, like Gecko) Chrome/140.0.7339.185 Mobile Safari/537.36 (compatible; Googlebot/2.1; +http://www.google.com/bot.html)"
66.249.70.70 - - [20/Sep/2025:01:00:47 +0300] "GET /?o=17234146150400&channel=0de2f9&from=info.php%3Fid%3D1461504-19014%26name%3D%E3%83%87%E3%83%A5%E3%83%BC%E3%82%AF%E3%83%BB%E3%82%A8%E3%83%AA%E3%83%B3%E3%83%88%E3%83%B3%EF%BC%8FPIANO+IN+THE+BACKGROUND HTTP/1.1" 200 7847 "-" "Mozilla/5.0 (Linux; Android 6.0.1; Nexus 5X Build/MMB29P) AppleWebKit/537.36 (KHTML, like Gecko) Chrome/140.0.7339.185 Mobile Safari/537.36 (compatible; Googlebot/2.1; +http://www.google.com/bot.html)"
66.249.70.71 - - [20/Sep/2025:01:01:29 +0300] "GET /?o=7279926994704&channel=a56180&from=shop.php%3Fid%3D269947-13059%26name%3DP9IDEDFH+%E3%83%9D%E3%83%BC%E3%82%BF%E3%83%96%E3%83%AB%E6%8A%98%E3%82%8A%E3%81%9F%E3%81%9F%E3%81%BF%E3%83%86%E3%83%BC%E3%83%96%E3%83%AB+%E3%82%A2%E3%82%A6%E3%83%88%E3%83%89%E3%82%A2+%E3%82%AD%E3%83%A3%E3%83%B3%E3%83%97+%E3%83%9B%E3%83%BC%E3%83%A0+%E3%83%90%E3%83%BC%E3%83%99%E3%82%AD%E3%83%A5%E3%83%BC+%E3%83%94%E3%82%AF%E3%83%8B%E3%83%83%E3%82%AF+%E3%83%A9%E3%82%A4%E3%83%88+%E3%82%A2%E3%83%AB%E3%83%9F%E3%83%8B%E3%82%A6%E3%83%A0%E5%90%88%E9%87%91+%E3%83%88 HTTP/1.1" 200 7847 "-" "Mozilla/5.0 (Linux; Android 6.0.1; Nexus 5X Build/MMB29P) AppleWebKit/537.36 (KHTML, like Gecko) Chrome/140.0.7339.127 Mobile Safari/537.36 (compatible; Googlebot/2.1; +http://www.google.com/bot.html)"
66.249.70.69 - - [20/Sep/2025:01:01:31 +0300] "GET /?o=08802126378003&channel=585f9d&from=blog.php%3Fid%3D1263780-15761%26name%3D%E3%83%88%E3%83%A9%E3%83%B3%E3%82%AE%E3%82%A2%E3%80%80%E3%82%B1%E3%83%88%E3%83%AB%E3%80%800.6L+%E3%82%A2%E3%83%AB%E3%83%9F%E8%A3%BD HTTP/1.1" 200 7847 "-" "Mozilla/5.0 (Linux; Android 6.0.1; Nexus 5X Build/MMB29P) AppleWebKit/537.36 (KHTML, like Gecko) Chrome/140.0.7339.185 Mobile Safari/537.36 (compatible; Googlebot/2.1; +http://www.google.com/bot.html)"
66.249.70.69 - - [20/Sep/2025:01:01:32 +0300] "GET /?o=409065608600&channel=5b5207&from=goods.php%3Fid%3D56086-796%26name%3D%E9%81%B8%E6%89%8B%E6%94%AF%E7%B5%A6%E5%93%81+21%2F22+%E3%83%90%E3%83%AB%E3%82%BB%E3%83%AD%E3%83%8A%E3%81%AE%E8%83%8C%E7%95%AA%E5%8F%B730+GAVI HTTP/1.1" 200 7847 "-" "Mozilla/5.0 (Linux; Android 6.0.1; Nexus 5X Build/MMB29P) AppleWebKit/537.36 (KHTML, like Gecko) Chrome/140.0.7339.185 Mobile Safari/537.36 (compatible; Googlebot/2.1; +http://www.google.com/bot.html)"
66.249.70.71 - - [20/Sep/2025:01:03:31 +0300] "GET /?o=0752349174805&channel=47587d&from=article.php%3Fid%3D491748-9167%26name%3D%E3%80%90%E6%9C%AA%E4%BD%BF%E7%94%A8%E3%80%91ANREALAGE%C3%97VISION+STREET+WEAR+%E3%82%B8%E3%83%A3%E3%82%B1%E3%83%83%E3%83%88 HTTP/1.1" 200 7847 "-" "Mozilla/5.0 (Linux; Android 6.0.1; Nexus 5X Build/MMB29P) AppleWebKit/537.36 (KHTML, like Gecko) Chrome/140.0.7339.185 Mobile Safari/537.36 (compatible; Googlebot/2.1; +http://www.google.com/bot.html)"
66.249.70.71 - - [20/Sep/2025:01:06:44 +0300] "GET /?o=8297886876605&channel=9091fe&from=pin.php%3Fid%3D868766-14783%26name%3D%E3%82%B5%E3%83%96%E3%83%90%E3%83%83%E3%82%AF%E3%80%80%E3%83%88%E3%83%BC%E3%83%88%E3%83%90%E3%83%83%E3%82%AF%E3%80%80A4+%E5%86%A0%E5%A9%9A%E8%91%AC%E7%A5%AD+%E3%83%95%E3%82%A9%E3%83%BC%E3%83%9E%E3%83%AB+%E3%83%AA%E3%83%9C%E3%83%B3+%E6%B8%A9%E3%81%BE%E3%82%89+%E3%82%B9%E3%83%AA%E3%83%83%E3%83%91%E5%85%A5%E3%82%8C HTTP/1.1" 200 7847 "-" "Mozilla/5.0 (Linux; Android 6.0.1; Nexus 5X Build/MMB29P) AppleWebKit/537.36 (KHTML, like Gecko) Chrome/140.0.7339.127 Mobile Safari/537.36 (compatible; Googlebot/2.1; +http://www.google.com/bot.html)"
66.249.70.66 - - [20/Sep/2025:01:09:33 +0300] "GET /?o=7136190403209&channel=f1b995&from=jp.php%3Fid%3D904032-5245%26name%3D%E8%A5%A4%E8%A4%B8+%E7%9D%80%E7%89%A9+%E8%97%8D%E6%9F%93+%E5%8F%A4%E7%9D%80+%E6%9C%A8%E7%B6%BF+%E5%8F%A4%E5%B8%83+%E3%82%B8%E3%83%A3%E3%83%91%E3%83%B3%E3%83%B4%E3%82%A3%E3%83%B3%E3%83%86%E3%83%BC%E3%82%B8+%E3%83%AA%E3%83%A1%E3%82%A4%E3%82%AF%E7%B4%A0%E6%9D%90 HTTP/1.1" 200 7847 "-" "Mozilla/5.0 (Linux; Android 6.0.1; Nexus 5X Build/MMB29P) AppleWebKit/537.36 (KHTML, like Gecko) Chrome/140.0.7339.185 Mobile Safari/537.36 (compatible; Googlebot/2.1; +http://www.google.com/bot.html)"
57.141.6.30 - - [20/Sep/2025:01:15:24 +0300] "GET /?o=38417163849705& HTTP/1.1" 200 7847 "-" "meta-externalagent/1.1 (+https://developers.facebook.com/docs/sharing/webmasters/crawler)"
57.141.6.29 - - [20/Sep/2025:01:18:29 +0300] "GET /?o=8179093122100& HTTP/1.1" 200 7847 "-" "meta-externalagent/1.1 (+https://developers.facebook.com/docs/sharing/webmasters/crawler)"
66.249.70.66 - - [20/Sep/2025:01:18:57 +0300] "GET / HTTP/1.1" 200 7847 "-" "Mozilla/5.0 (compatible; Googlebot/2.1; +http://www.google.com/bot.html)"
66.249.70.65 - - [20/Sep/2025:01:19:01 +0300] "GET /favicon.ico HTTP/1.1" 200 7847 "-" "Googlebot-Image/1.0"
66.249.70.69 - - [20/Sep/2025:01:20:20 +0300] "GET /?o=21807130179100&channel=0e4cf5&from=news.php%3Fid%3D1301791-77%26name%3D%E9%A3%9F%E5%93%81%E3%82%B0%E3%83%AC%E3%83%BC%E3%83%89%E3%81%AE%E3%82%B7%E3%83%AA%E3%82%B3%E3%83%B3%E8%A3%BD%E3%81%A7%E3%80%81%E7%92%B0%E5%A2%83%E3%81%AB%E5%84%AA%E3%81%97%E3%81%8F%E3%80%81%E5%86%8D%E5%88%A9%E7%94%A8%E5%8F%AF%E8%83%BD%E3%80%81%E7%9C%81%E3%82%B9%E3%83%9A%E3%83%BC%E3%82%B9%E3%80%81%E7%9B%B4%E6%8E%A5%E5%8A%A0%E7%86%B1%E3%83%BB%E5%86%B7%E8%94%B5%E3%81%97%E3%81%A6%E9%87%8E%E8%8F%9C%E3%80%81%E6%9E%9C%E7%89%A9%E3%80%81%E9%A3%B2%E6%96%99%E3%81%AE%E9%A2%A8%E5%91%B3%E3%81%A8%E9%AE%AE%E5%BA%A6%E3%82%92%E9%96%89%E3%81%98%E8%BE%BC%E3%82%81%E3%82%8B%E9%AE%AE%E5%BA%A6%E4%BF%9D%E6%8C%81 HTTP/1.1" 200 7847 "-" "Mozilla/5.0 (Linux; Android 6.0.1; Nexus 5X Build/MMB29P) AppleWebKit/537.36 (KHTML, like Gecko) Chrome/140.0.7339.127 Mobile Safari/537.36 (compatible; Googlebot/2.1; +http://www.google.com/bot.html)"
66.249.70.70 - - [20/Sep/2025:01:21:00 +0300] "GET /?o=49472605003&channel=8a88f3&from=jp.php%3Fid%3D6050-169%26name%3D%E3%82%AB%E3%83%BC%E3%82%B7%E3%83%BC%E3%83%88%E3%82%AB%E3%83%90%E3%83%BC%E3%80%81%E8%BB%8A+%E3%82%B7%E3%83%BC%E3%83%88%E3%82%AB%E3%83%90%E3%83%BC+%E3%81%AB%E9%81%A9%E3%81%97+%E6%97%A5%E7%94%A3+%E3%83%AD%E3%83%BC%E3%82%B0+%E3%82%B9%E3%83%9D%E3%83%BC%E3%83%84+2017+2018+2019+2020%E3%80%81%E5%89%8D%E5%B8%AD%E3%83%BB%E5%BE%8C%E5%B8%AD+5%E5%B8%AD%E3%82%AB%E3%83%BC%E3%82%B7%E3%83%BC HTTP/1.1" 200 7847 "-" "Mozilla/5.0 (Linux; Android 6.0.1; Nexus 5X Build/MMB29P) AppleWebKit/537.36 (KHTML, like Gecko) Chrome/140.0.7339.127 Mobile Safari/537.36 (compatible; Googlebot/2.1; +http://www.google.com/bot.html)"
66.249.70.69 - - [20/Sep/2025:01:22:59 +0300] "GET /?o=99885157894602&channel=25d3cf&from=pin.php%3Fid%3D1578946-25966%26name%3D%E7%8A%AC%E7%94%A8%E3%82%B5%E3%82%B9%E3%83%9A%E3%83%B3%E3%83%80%E3%83%BC%E4%BB%98%E3%81%8D%E3%83%96%E3%83%BC%E3%83%84%2C%E5%AD%90%E7%8A%AC%E7%94%A8%E3%83%AC%E3%82%A4%E3%83%B3%E3%83%96%E3%83%BC%E3%83%84+%7C+%E5%A4%9C%E5%85%89%E3%82%B9%E3%83%88%E3%83%A9%E3%82%A4%E3%83%97%E4%BB%98%E3%81%8D%E5%BA%8A%E4%BF%9D%E8%AD%B7%E9%9B%A8%E5%85%B7 HTTP/1.1" 200 7847 "-" "Mozilla/5.0 (Linux; Android 6.0.1; Nexus 5X Build/MMB29P) AppleWebKit/537.36 (KHTML, like Gecko) Chrome/140.0.7339.127 Mobile Safari/537.36 (compatible; Googlebot/2.1; +http://www.google.com/bot.html)"
66.249.70.71 - - [20/Sep/2025:01:30:26 +0300] "GET /?o=2202764902101&channel=8a655d&from=news.php%3Fid%3D649021-10328%26name%3D%E9%9D%92%E9%8A%85%E4%BA%9C%E9%89%9B%E5%90%88%E9%87%91%E3%83%89%E3%82%A2%E3%82%B9%E3%83%88%E3%83%83%E3%83%97%E3%82%B9%E3%83%88%E3%83%83%E3%83%91%E3%83%BC%E3%83%9B%E3%83%AB%E3%83%80%E3%83%BC%E3%82%AD%E3%83%A3%E3%83%83%E3%83%81%E3%83%95%E3%83%AD%E3%82%A2%E3%83%95%E3%82%A3%E3%83%83%E3%83%86%E3%82%A3%E3%83%B3%E3%82%B0%E3%83%8D%E3%82%B8%E4%BB%98%E3%81%8D%E3%83%95%E3%82%A1%E3%83%9F%E3%83%AA%E3%83%BC%E3%83%9B%E3%83%BC%E3%83%A0%E3%81%AA%E3%81%A9%E7%94%A8+%28Color+%3A+E%29 HTTP/1.1" 200 7847 "-" "Mozilla/5.0 (Linux; Android 6.0.1; Nexus 5X Build/MMB29P) AppleWebKit/537.36 (KHTML, like Gecko) Chrome/140.0.7339.127 Mobile Safari/537.36 (compatible; Googlebot/2.1; +http://www.google.com/bot.html)"
66.249.70.69 - - [20/Sep/2025:01:32:49 +0300] "GET /?o=1991630183601&channel=e5abf1&from=product.php%3Fid%3D301836-838%26name%3D%E7%A8%AE%E9%A1%9E2%3A120cm%2FLBR+%E6%98%87%E9%99%8D%E5%BC%8F+%E3%83%80%E3%82%A4%E3%83%8B%E3%83%B3%E3%82%B0%E3%83%86%E3%83%BC%E3%83%96%E3%83%AB+120cm+150cm+%E3%80%90%E4%B8%80%E9%83%A8%E4%BA%88%E7%B4%84%E8%B2%A9%E5%A3%B2%E3%80%91%E9%AB%98%E3%81%9557%EF%BD%9E71.5cm+%E3%83%86%E3%83%BC%E3%83%96%E3%83%AB+%E6%98%87%E9%99%8D%E3%83%86%E3%83%BC%E3%83%96%E3%83%AB+%E9%AB%98%E3%81%95%E8%AA%BF%E7%AF%80%E5%8F%AF%E8%83%BD+%E3%83%80%E3%82%A4%E3%83%8B%E3%83%B3%E3%82%B0+%E9%A3%9F%E4%BA%8B%E3%83%86%E3%83%BC%E3%83%96%E3%83%AB+%E3%83%86%E3%83%BC%E3%83%96%E3%83%AB+%E3%83%A2%E3%83%80%E3%83%B3+%E3%83%8A%E3%83%81%E3%83%A5%E3%83%A9%E3%83%AB+%E3%82%B7%E3%83%B3%E3%83%97%E3%83%AB+%E3%82%B3%E3%83%BC%E3%83%8A%E3%83%BC+%E3%81%8A%E6%B4%92%E8%90%BD+GMK%E3%80%90QSM-2 HTTP/1.1" 200 7847 "-" "Mozilla/5.0 (Linux; Android 6.0.1; Nexus 5X Build/MMB29P) AppleWebKit/537.36 (KHTML, like Gecko) Chrome/140.0.7339.127 Mobile Safari/537.36 (compatible; Googlebot/2.1; +http://www.google.com/bot.html)"
57.141.6.20 - - [20/Sep/2025:01:35:56 +0300] "GET /?o=182212006108& HTTP/1.1" 200 7847 "-" "meta-externalagent/1.1 (+https://developers.facebook.com/docs/sharing/webmasters/crawler)"
52.70.138.176 - - [20/Sep/2025:01:41:30 +0300] "GET /services/warehouse-management-system/ HTTP/1.1" 200 7847 "-" "Mozilla/5.0 AppleWebKit/537.36 (KHTML, like Gecko; compatible; Amazonbot/0.1; +https://developer.amazon.com/support/amazonbot) Chrome/119.0.6045.214 Safari/537.36"
44.216.172.204 - - [20/Sep/2025:01:41:42 +0300] "GET /robots.txt HTTP/1.1" 200 7847 "-" "Mozilla/5.0 AppleWebKit/537.36 (KHTML, like Gecko; compatible; Amazonbot/0.1; +https://developer.amazon.com/support/amazonbot) Chrome/119.0.6045.214 Safari/537.36"
100.29.164.178 - - [20/Sep/2025:01:41:43 +0300] "GET / HTTP/1.1" 200 7847 "-" "Mozilla/5.0 AppleWebKit/537.36 (KHTML, like Gecko; compatible; Amazonbot/0.1; +https://developer.amazon.com/support/amazonbot) Chrome/119.0.6045.214 Safari/537.36"
18.214.251.19 - - [20/Sep/2025:01:41:46 +0300] "GET / HTTP/1.1" 200 7847 "-" "Mozilla/5.0 AppleWebKit/537.36 (KHTML, like Gecko; compatible; Amazonbot/0.1; +https://developer.amazon.com/support/amazonbot) Chrome/119.0.6045.214 Safari/537.36"
52.178.193.251 - - [20/Sep/2025:01:41:48 +0300] "GET /wp-content/plugins/hellopress/wp_filemanager.php HTTP/1.1" 401 36 "-" "-"
52.178.193.251 - - [20/Sep/2025:01:41:48 +0300] "GET /tcp.php HTTP/1.1" 401 36 "-" "-"
52.178.193.251 - - [20/Sep/2025:01:41:48 +0300] "GET /jx.php HTTP/1.1" 401 36 "-" "-"
52.178.193.251 - - [20/Sep/2025:01:41:48 +0300] "GET /vanta.php HTTP/1.1" 401 36 "-" "-"
52.178.193.251 - - [20/Sep/2025:01:41:48 +0300] "GET /nc4.php HTTP/1.1" 401 36 "-" "-"
52.178.193.251 - - [20/Sep/2025:01:41:48 +0300] "GET /acxx.php HTTP/1.1" 401 36 "-" "-"
52.178.193.251 - - [20/Sep/2025:01:41:49 +0300] "GET /ahax.php HTTP/1.1" 401 36 "-" "-"
52.178.193.251 - - [20/Sep/2025:01:41:49 +0300] "GET /akc.php HTTP/1.1" 401 36 "-" "-"
52.178.193.251 - - [20/Sep/2025:01:41:49 +0300] "GET /v2.php HTTP/1.1" 401 36 "-" "-"
52.178.193.251 - - [20/Sep/2025:01:41:49 +0300] "GET /CLA.php HTTP/1.1" 401 36 "-" "-"
52.178.193.251 - - [20/Sep/2025:01:41:49 +0300] "GET /aa17.php HTTP/1.1" 401 36 "-" "-"
52.178.193.251 - - [20/Sep/2025:01:41:49 +0300] "GET /wander.php HTTP/1.1" 401 36 "-" "-"
52.178.193.251 - - [20/Sep/2025:01:41:49 +0300] "GET /filei.php HTTP/1.1" 401 36 "-" "-"
52.178.193.251 - - [20/Sep/2025:01:41:50 +0300] "GET /ot.php HTTP/1.1" 401 36 "-" "-"
52.178.193.251 - - [20/Sep/2025:01:41:50 +0300] "GET /gfile.php HTTP/1.1" 401 36 "-" "-"
52.178.193.251 - - [20/Sep/2025:01:41:50 +0300] "GET /ol.php HTTP/1.1" 401 36 "-" "-"
52.178.193.251 - - [20/Sep/2025:01:41:50 +0300] "GET /rak.php HTTP/1.1" 401 36 "-" "-"
52.178.193.251 - - [20/Sep/2025:01:41:50 +0300] "GET /cfile.php HTTP/1.1" 401 36 "-" "-"
52.178.193.251 - - [20/Sep/2025:01:41:50 +0300] "GET /ee.php HTTP/1.1" 401 36 "-" "-"
52.178.193.251 - - [20/Sep/2025:01:41:51 +0300] "GET /ffile.php HTTP/1.1" 401 36 "-" "-"
52.178.193.251 - - [20/Sep/2025:01:41:51 +0300] "GET /gold.php HTTP/1.1" 401 36 "-" "-"
52.178.193.251 - - [20/Sep/2025:01:41:51 +0300] "GET /bless2.php HTTP/1.1" 401 36 "-" "-"
52.178.193.251 - - [20/Sep/2025:01:41:51 +0300] "GET /lc.php HTTP/1.1" 401 36 "-" "-"
52.178.193.251 - - [20/Sep/2025:01:41:51 +0300] "GET /222.php HTTP/1.1" 401 36 "-" "-"
52.178.193.251 - - [20/Sep/2025:01:41:51 +0300] "GET /xhouf.php HTTP/1.1" 401 36 "-" "-"
52.178.193.251 - - [20/Sep/2025:01:41:51 +0300] "GET /num.php HTTP/1.1" 401 36 "-" "-"
52.178.193.251 - - [20/Sep/2025:01:41:52 +0300] "GET /slo.php HTTP/1.1" 401 36 "-" "-"
52.178.193.251 - - [20/Sep/2025:01:41:52 +0300] "GET /ava.php HTTP/1.1" 401 36 "-" "-"
52.178.193.251 - - [20/Sep/2025:01:41:52 +0300] "GET /public/wsr2.php HTTP/1.1" 401 36 "-" "-"
52.178.193.251 - - [20/Sep/2025:01:41:52 +0300] "GET /sad.php HTTP/1.1" 401 36 "-" "-"
52.178.193.251 - - [20/Sep/2025:01:41:52 +0300] "GET /gg.php HTTP/1.1" 401 36 "-" "-"
52.178.193.251 - - [20/Sep/2025:01:41:52 +0300] "GET /file1.php HTTP/1.1" 401 36 "-" "-"
52.178.193.251 - - [20/Sep/2025:01:41:53 +0300] "GET /an.php HTTP/1.1" 401 36 "-" "-"
52.178.193.251 - - [20/Sep/2025:01:41:53 +0300] "GET /great.php HTTP/1.1" 401 36 "-" "-"
52.178.193.251 - - [20/Sep/2025:01:41:53 +0300] "GET /makeasmtp.php HTTP/1.1" 401 36 "-" "-"
52.178.193.251 - - [20/Sep/2025:01:41:53 +0300] "GET /mo.php HTTP/1.1" 401 36 "-" "-"
52.178.193.251 - - [20/Sep/2025:01:41:53 +0300] "GET /slo.php HTTP/1.1" 401 36 "-" "-"
52.178.193.251 - - [20/Sep/2025:01:41:53 +0300] "GET /r4f_1.php HTTP/1.1" 401 36 "-" "-"
52.178.193.251 - - [20/Sep/2025:01:41:53 +0300] "GET /ar.php HTTP/1.1" 401 36 "-" "-"
52.178.193.251 - - [20/Sep/2025:01:41:54 +0300] "GET /co.php HTTP/1.1" 401 36 "-" "-"
52.178.193.251 - - [20/Sep/2025:01:41:54 +0300] "GET /aaaa.php HTTP/1.1" 401 36 "-" "-"
52.178.193.251 - - [20/Sep/2025:01:41:54 +0300] "GET /good.php HTTP/1.1" 401 36 "-" "-"
57.141.6.1 - - [20/Sep/2025:01:45:55 +0300] "GET /?o=9061970413000& HTTP/1.1" 200 7847 "-" "meta-externalagent/1.1 (+https://developers.facebook.com/docs/sharing/webmasters/crawler)"
66.249.70.67 - - [20/Sep/2025:01:50:09 +0300] "GET /?o=9802058869206&channel=ac9623&from=shop.php%3Fid%3D588692-10808%26name%3D%E3%83%A9%E3%82%BF%E3%83%B3%E3%82%B3%E3%83%BC%E3%83%89%E3%83%8F%E3%82%A4%E3%83%80%E3%83%BC%E3%83%9C%E3%83%83%E3%82%AF%E3%82%B9%E3%80%81%E3%83%A9%E3%82%BF%E3%83%B3%E3%82%B3%E3%83%BC%E3%83%89%E3%83%90%E3%82%B9%E3%82%B1%E3%83%83%E3%83%88%2C%E3%82%AA%E3%83%BC%E3%83%97%E3%83%B3%E3%82%B9%E3%83%88%E3%83%AC%E3%83%BC%E3%82%B8%E3%83%9C%E3%83%83%E3%82%AF%E3%82%B9+%E3%82%B1%E3%83%BC%E3%83%96%E3%83%AB%E3%83%9C%E3%83%83%E3%82%AF%E3%82%B9%E3%82%AA%E3%83%BC%E3%82%AC%E3%83%8A%E3%82%A4%E3%82%B6%E3%83%BC%E3%80%81%E3%83%AF%E3%82%A4%E3%83%A4%E3%83%BC%E3%83%9C%E3%83%83%E3%82%AF%E3%82%B9%E3%80%81 HTTP/1.1" 200 7847 "-" "Mozilla/5.0 (Linux; Android 6.0.1; Nexus 5X Build/MMB29P) AppleWebKit/537.36 (KHTML, like Gecko) Chrome/140.0.7339.127 Mobile Safari/537.36 (compatible; Googlebot/2.1; +http://www.google.com/bot.html)"
66.249.70.66 - - [20/Sep/2025:01:52:36 +0300] "GET /?o=7042189711900&channel=002bae&from=article.php%3Fid%3D897119-16163%26name%3DFiorifiore+%E5%A5%B3%E5%84%AA%E3%83%9F%E3%83%A9%E3%83%BC+%E5%8D%93%E4%B8%8A+%E9%8F%A1+%E4%B8%89%E9%9D%A2%E9%8F%A1+LED%E3%83%A9%E3%82%A4%E3%83%88+%E5%8C%96%E7%B2%A7%E9%8F%A1+%EF%BC%93%E5%85%89%E8%89%B2%E5%88%87%E6%9B%BF+2%2F3%E5%80%8D%E6%8B%A1%E5%A4%A7%E9%8F%A1+2000mAh%E3%83%90%E3%83%83%E3%83%86%E3%83%AA%E3%83%BC+%E8%A7%A6%E3%82%8B+%E6%98%8E%E3%82%8B%E3%81%95%E3%81%AE%E8%AA%BF%E5%85%89+%E8%A7%92%E5%BA%A6%E8%AA%BF%E6%95%B4%E5%8F%AF%E8%83%BD+90%C2%B0%2F+180%C2%B0%E5%9B%9E%E8%BB%A2+%E5%8D%93%E4%B8%8A%E3%83%9F%E3%83%A9%E3%83%BC+%E3%82%BF%E3%82%A4%E3%83%97%EF%BC%A3%E5%85%85%E9%9B%BB%EF%BC%88%E3%83%9E%E3%83%83%E3%83%88%E3%82%BF%E3%82%A4%E3%83%97%EF%BC%89+0 HTTP/1.1" 200 7847 "-" "Mozilla/5.0 (Linux; Android 6.0.1; Nexus 5X Build/MMB29P) AppleWebKit/537.36 (KHTML, like Gecko) Chrome/140.0.7339.127 Mobile Safari/537.36 (compatible; Googlebot/2.1; +http://www.google.com/bot.html)"
57.141.6.24 - - [20/Sep/2025:01:54:07 +0300] "GET /?o=3227063237200& HTTP/1.1" 200 7847 "-" "meta-externalagent/1.1 (+https://developers.facebook.com/docs/sharing/webmasters/crawler)"
66.249.70.66 - - [20/Sep/2025:01:54:57 +0300] "GET /?o=05200113264408&channel=4ec15a&from=blog.php%3Fid%3D1132644-2817%26name%3D%E3%83%80%E3%82%A4%E3%83%93%E3%83%B3%E3%82%B0%E3%83%95%E3%82%A3%E3%83%B3+%E3%82%B9%E3%83%88%E3%83%A9%E3%83%83%E3%83%97+%E3%82%A2%E3%82%AF%E3%82%BB%E3%82%B5%E3%83%AA%E3%83%BC+%E3%83%95%E3%83%AA%E3%83%83%E3%83%91%E3%83%BC+%E3%82%B9%E3%83%97%E3%83%AA%E3%83%B3%E3%82%B0%E3%83%95%E3%82%A3%E3%83%B3+%E3%83%92%E3%83%BC%E3%83%AB%E3%82%AB%E3%83%83%E3%83%97+%E3%82%B9%E3%83%88%E3%83%A9%E3%83%83%E3%83%97+%E3%83%8F%E3%83%B3%E3%83%89%E3%83%AB%E3%83%9B%E3%83%AB%E3%83%80%E3%83%BC+%E3%82%B7%E3%83%A5%E3%83%BC%E3%83%AC%E3%83%BC%E3%82%B9 HTTP/1.1" 200 7847 "-" "Mozilla/5.0 (Linux; Android 6.0.1; Nexus 5X Build/MMB29P) AppleWebKit/537.36 (KHTML, like Gecko) Chrome/140.0.7339.127 Mobile Safari/537.36 (compatible; Googlebot/2.1; +http://www.google.com/bot.html)"
18.246.10.36 - - [20/Sep/2025:01:57:35 +0300] "GET /autodiscover/autodiscover.xml HTTP/1.1" 400 52 "-" "Mozilla/5.0 (Windows NT 10.0; Win64; x64) AppleWebKit/537.36 (KHTML, like Gecko) Chrome/58.0.3029.110 Safari/537.3"
18.246.10.36 - - [20/Sep/2025:01:57:37 +0300] "GET /autodiscover/autodiscover.xml HTTP/1.1" 400 52 "-" "Mozilla/5.0 (Windows NT 10.0; Win64; x64) AppleWebKit/537.36 (KHTML, like Gecko) Chrome/58.0.3029.110 Safari/537.3"
18.246.10.36 - - [20/Sep/2025:01:57:38 +0300] "GET /autodiscover/autodiscover.xml HTTP/1.1" 400 52 "-" "Mozilla/5.0 (Windows NT 10.0; Win64; x64) AppleWebKit/537.36 (KHTML, like Gecko) Chrome/58.0.3029.110 Safari/537.3"
18.246.10.36 - - [20/Sep/2025:01:57:40 +0300] "GET /autodiscover/autodiscover.xml HTTP/1.1" 400 52 "-" "Mozilla/5.0 (Windows NT 10.0; Win64; x64) AppleWebKit/537.36 (KHTML, like Gecko) Chrome/58.0.3029.110 Safari/537.3"
18.246.10.36 - - [20/Sep/2025:01:57:41 +0300] "GET /autodiscover/autodiscover.xml HTTP/1.1" 400 52 "-" "Mozilla/5.0 (Windows NT 10.0; Win64; x64) AppleWebKit/537.36 (KHTML, like Gecko) Chrome/58.0.3029.110 Safari/537.3"
18.246.10.36 - - [20/Sep/2025:01:57:43 +0300] "GET /autodiscover/autodiscover.xml HTTP/1.1" 400 52 "-" "Mozilla/5.0 (Windows NT 10.0; Win64; x64) AppleWebKit/537.36 (KHTML, like Gecko) Chrome/58.0.3029.110 Safari/537.3"
18.246.10.36 - - [20/Sep/2025:01:57:44 +0300] "GET /autodiscover/autodiscover.xml HTTP/1.1" 400 52 "-" "Mozilla/5.0 (Windows NT 10.0; Win64; x64) AppleWebKit/537.36 (KHTML, like Gecko) Chrome/58.0.3029.110 Safari/537.3"
18.246.10.36 - - [20/Sep/2025:01:57:50 +0300] "GET /autodiscover/autodiscover.xml HTTP/1.1" 400 52 "-" "Mozilla/5.0 (Windows NT 10.0; Win64; x64) AppleWebKit/537.36 (KHTML, like Gecko) Chrome/58.0.3029.110 Safari/537.3"
57.141.6.2 - - [20/Sep/2025:01:58:02 +0300] "GET /?o=2959839786800& HTTP/1.1" 200 7847 "-" "meta-externalagent/1.1 (+https://developers.facebook.com/docs/sharing/webmasters/crawler)"
66.249.70.65 - - [20/Sep/2025:01:59:16 +0300] "GET /?o=9076258199700&channel=d8622b&from=form.php%3Fid%3D581997-4103%26name%3D1+PCS+New+In+Box+HG-C1030-P+One+Year+Warranty HTTP/1.1" 200 7847 "-" "Mozilla/5.0 (Linux; Android 6.0.1; Nexus 5X Build/MMB29P) AppleWebKit/537.36 (KHTML, like Gecko) Chrome/140.0.7339.127 Mobile Safari/537.36 (compatible; Googlebot/2.1; +http://www.google.com/bot.html)"
66.249.70.65 - - [20/Sep/2025:02:01:09 +0300] "GET /?o=1196785484903&channel=f9a072&from=category-info.php%3Fid%3D854849-15708%26name%3DSFOUR+%E3%83%95%E3%82%A7%E3%82%A2%E3%83%AA%E3%83%BC%E3%83%A9%E3%82%A4%E3%83%88%E9%9B%BB%E9%A3%BEled+%E3%82%A4%E3%83%AB%E3%83%9F%E3%83%8D%E3%83%BC%E3%82%B7%E3%83%A7%E3%83%B3+6M40%E5%80%8B+%E9%9B%BB%E6%B1%A0%E5%BC%8F+%E3%82%AF%E3%83%AA%E3%82%B9%E3%83%9E%E3%82%B9+%E9%A3%BE%E3%82%8A%E3%83%84%E3%83%AA%E3%83%BC+led%E9%9B%BB%E7%90%83+%E5%B1%8B%E5%A4%96%E9%98%B2%E6%B0%B4%E5%AE%A4%E5%86%85%E6%9E%95%E5%85%83+led%E3%81%AB%E9%81%A9%E3%81%97%E3%81%A6%E3%83%99%E3%83%83%E3%83%89%E3%83%AB%E3%83%BC%E3%83%A0%7C%E3%82%A2%E3%82%A6%E3%83%88%E3%83%89%E3%82%A2%7C%E7%B5%90%E5%A9%9A%E5%BC%8F%7C%E5%BA%AD%E5%AF%BE%E5%BF%9C%7C%E8%AA%95%E7%94%9F%E6%97%A5+%28%E3%82%A6%E3%82%A9%E3%83%BC%E3%83%A0%E3%83%9B%E3%83%AF%E3%82%A4%E3%83%88%29+%28%E9%9B%BB%E7%90%83%E8%89%B2%29+1 HTTP/1.1" 200 7847 "-" "Mozilla/5.0 (Linux; Android 6.0.1; Nexus 5X Build/MMB29P) AppleWebKit/537.36 (KHTML, like Gecko) Chrome/140.0.7339.127 Mobile Safari/537.36 (compatible; Googlebot/2.1; +http://www.google.com/bot.html)"
66.249.70.67 - - [20/Sep/2025:02:05:16 +0300] "GET /?o=58810106761601&channel=f7c6c4&from=info.php%3Fid%3D1067616-6838%26name%3D%E3%83%91%E3%83%AF%E3%83%BC%E3%82%A4%E3%83%B3%E3%83%90%E3%83%BC%E3%82%BF%E3%83%BC+5000W+%E7%B4%94%E6%AD%A3%E5%BC%A6%E6%B3%A2+%E3%82%AB%E3%83%BC%E3%82%A4%E3%83%B3%E3%83%90%E3%83%BC%E3%82%BF%E3%83%BC+%E5%BC%95%E3%81%8D%E7%B6%99%E3%81%92+DC+%E3%81%8B%E3%82%89+AC+%E3%81%B8%E3%81%AE%E9%9B%BB%E5%9C%A7%E3%82%B3%E3%83%B3%E3%83%90%E3%83%BC%E3%82%BF%E3%83%BC+LCD+%E3%83%87%E3%82%A3%E3%82%B9%E3%83%97%E3%83%AC%E3%82%A4%E3%81%A8%E3%82%BD%E3%82%B1%E3%83%83%E3%83%88%E4%BB%98 HTTP/1.1" 200 7847 "-" "Mozilla/5.0 (Linux; Android 6.0.1; Nexus 5X Build/MMB29P) AppleWebKit/537.36 (KHTML, like Gecko) Chrome/140.0.7339.127 Mobile Safari/537.36 (compatible; Googlebot/2.1; +http://www.google.com/bot.html)"
57.141.6.65 - - [20/Sep/2025:02:05:38 +0300] "GET /?o=71076123509900& HTTP/1.1" 200 7847 "-" "meta-externalagent/1.1 (+https://developers.facebook.com/docs/sharing/webmasters/crawler)"
66.249.70.66 - - [20/Sep/2025:02:06:07 +0300] "GET /?o=91916103948900&channel=3e3c79&from=shared.php%3Fid%3D1039489-14670%26name%3D%E3%83%A4%E3%83%9E%E3%82%B6%E3%82%AD%E6%98%A5%E3%81%AE%E3%83%91%E3%83%B3%E3%81%BE%E3%81%A4%E3%82%8A%E3%82%B7%E3%83%BC%E3%83%AB%E3%80%803%E7%9A%BF%E5%88%86%E3%80%8090%E7%82%B9 HTTP/1.1" 200 7847 "-" "Mozilla/5.0 (Linux; Android 6.0.1; Nexus 5X Build/MMB29P) AppleWebKit/537.36 (KHTML, like Gecko) Chrome/140.0.7339.127 Mobile Safari/537.36 (compatible; Googlebot/2.1; +http://www.google.com/bot.html)"
66.249.70.67 - - [20/Sep/2025:02:10:40 +0300] "GET /?o=0669084396801&channel=19768f&from=shared.php%3Fid%3D843968-10888%26name%3D%E5%B0%82%E7%94%A8%E3%80%80IOLANI+%E3%83%94%E3%83%B3%E3%82%AF+%E8%B7%B3%E3%81%AD%E8%BF%94%E3%81%97+%E3%82%B9%E3%83%88%E3%83%A9%E3%82%A4%E3%83%97+%E3%82%A2%E3%83%AD%E3%83%8F%E3%82%B7%E3%83%A3%E3%83%84%E3%80%80%E6%98%A5%E5%A4%8F%E7%A7%8B HTTP/1.1" 200 7847 "-" "Mozilla/5.0 (Linux; Android 6.0.1; Nexus 5X Build/MMB29P) AppleWebKit/537.36 (KHTML, like Gecko) Chrome/140.0.7339.127 Mobile Safari/537.36 (compatible; Googlebot/2.1; +http://www.google.com/bot.html)"
57.141.6.27 - - [20/Sep/2025:02:17:37 +0300] "GET /?o=93041141912406& HTTP/1.1" 200 7847 "-" "meta-externalagent/1.1 (+https://developers.facebook.com/docs/sharing/webmasters/crawler)"
57.141.6.8 - - [20/Sep/2025:02:22:08 +0300] "GET /?o=2324419692001& HTTP/1.1" 200 7847 "-" "meta-externalagent/1.1 (+https://developers.facebook.com/docs/sharing/webmasters/crawler)"
57.141.6.16 - - [20/Sep/2025:02:23:28 +0300] "GET /?o=97656133991406& HTTP/1.1" 200 7847 "-" "meta-externalagent/1.1 (+https://developers.facebook.com/docs/sharing/webmasters/crawler)"
66.249.70.67 - - [20/Sep/2025:02:24:08 +0300] "GET /?o=70984118995604&channel=f9f5fe&from=info.php%3Fid%3D1189956-22691%26name%3D%E3%82%AA%E3%83%BC%E3%82%B5%E3%83%AF+%E3%82%AF%E3%83%8C%E3%82%B9%E3%83%91%E3%83%AA+%E3%83%97%E3%83%AC%E3%83%83%E3%83%84%E3%82%A7%E3%83%AB+175g+3%E8%A2%8B%E3%82%BB%E3%83%83%E3%83%88+%E3%82%AA%E3%83%BC%E3%82%AC%E3%83%8B%E3%83%83%E3%82%AF+%E3%81%8A%E8%8F%93%E5%AD%90+%E3%81%8A%E3%82%84%E3%81%A4+%E3%81%8A%E3%81%A4%E3%81%BE%E3%81%BF HTTP/1.1" 200 7847 "-" "Mozilla/5.0 (Linux; Android 6.0.1; Nexus 5X Build/MMB29P) AppleWebKit/537.36 (KHTML, like Gecko) Chrome/140.0.7339.127 Mobile Safari/537.36 (compatible; Googlebot/2.1; +http://www.google.com/bot.html)"
91.224.92.120 - - [20/Sep/2025:02:24:57 +0300] "GET /wp-login.php HTTP/1.1" 500 - "https://twitter.com/" "Mozilla/5.0 (Windows NT 10.0; Win64; x64) AppleWebKit/537.36 (KHTML, like Gecko) Chrome/120.0.6099.130 Safari/537.36"
91.224.92.120 - - [20/Sep/2025:02:24:58 +0300] "GET /wp-admin/ HTTP/1.1" 500 - "-" "Mozilla/5.0 (Macintosh; Intel Mac OS X 10_15_7) AppleWebKit/537.36 (KHTML, like Gecko) Chrome/122.0.6261.57 Safari/537.36"
66.249.70.65 - - [20/Sep/2025:02:25:20 +0300] "GET /?o=0132992869601&channel=f5df56&from=product.php%3Fid%3D928696-9398%26name%3D%E3%83%81%E3%83%A7%E3%83%AD%EF%BC%B1+%E3%82%B3%E3%83%83%E3%82%AF%E3%82%B9CRT+%E3%83%8B%E3%83%A5-%E3%83%93-%E3%83%88%E3%83%AB+Fest+in+FUJI+%EF%BC%92%E5%8F%B0+%28%E8%B5%A4%E3%83%BB%E7%84%A1%29 HTTP/1.1" 200 7847 "-" "Mozilla/5.0 (Linux; Android 6.0.1; Nexus 5X Build/MMB29P) AppleWebKit/537.36 (KHTML, like Gecko) Chrome/140.0.7339.127 Mobile Safari/537.36 (compatible; Googlebot/2.1; +http://www.google.com/bot.html)"
34.55.215.35 - - [20/Sep/2025:02:27:17 +0300] "GET /.env HTTP/1.1" 200 7847 "-" "Mozilla/5.0 (X11; Linux x86_64)"
57.141.6.41 - - [20/Sep/2025:02:31:41 +0300] "GET /?o=8508822610308& HTTP/1.1" 200 7847 "-" "meta-externalagent/1.1 (+https://developers.facebook.com/docs/sharing/webmasters/crawler)"
34.162.3.95 - - [20/Sep/2025:02:33:15 +0300] "GET / HTTP/1.1" 200 7847 "-" "Mozilla/5.0 (Windows NT 10.0; Win64; x64) AppleWebKit/537.36 (KHTML, like Gecko) Chrome/122.0.0.0 Safari/537.36"
34.162.3.95 - - [20/Sep/2025:02:33:40 +0300] "GET /robots.txt HTTP/1.1" 200 7847 "-" "Mozilla/5.0 (Windows NT 10.0; Win64; x64) AppleWebKit/537.36 (KHTML, like Gecko) Chrome/122.0.0.0 Safari/537.36"
57.141.6.12 - - [20/Sep/2025:02:36:17 +0300] "GET /?o=2012741925505& HTTP/1.1" 200 7847 "-" "meta-externalagent/1.1 (+https://developers.facebook.com/docs/sharing/webmasters/crawler)"
57.141.6.31 - - [20/Sep/2025:02:38:39 +0300] "GET /?o=82788106270800& HTTP/1.1" 200 7847 "-" "meta-externalagent/1.1 (+https://developers.facebook.com/docs/sharing/webmasters/crawler)"
34.55.215.35 - - [20/Sep/2025:02:40:26 +0300] "GET /.env HTTP/1.1" 200 7847 "-" "Mozilla/5.0 (X11; Linux x86_64)"
57.141.6.38 - - [20/Sep/2025:02:46:19 +0300] "GET /?o=4312717185302& HTTP/1.1" 200 7847 "-" "meta-externalagent/1.1 (+https://developers.facebook.com/docs/sharing/webmasters/crawler)"
57.141.6.26 - - [20/Sep/2025:02:48:18 +0300] "GET /?o=57250140614000& HTTP/1.1" 200 7847 "-" "meta-externalagent/1.1 (+https://developers.facebook.com/docs/sharing/webmasters/crawler)"
66.249.70.66 - - [20/Sep/2025:02:51:02 +0300] "GET /?o=146878119700&channel=8c4af3&from=brands.php%3Fid%3D81197-4771%26name%3D%E3%82%AB%E3%83%BC%E3%83%95%E3%83%AD%E3%83%B3%E3%83%88%E3%83%A9%E3%82%B8%E3%82%A8%E3%83%BC%E3%82%BF%E3%83%BC%E3%82%B0%E3%83%AA%E3%83%AB+%E3%82%AB%E3%83%BC%E3%83%9C%E3%83%B3%E3%83%95%E3%82%A1%E3%82%A4%E3%83%90%E3%83%BC%E3%83%95%E3%83%AC%E3%83%BC%E3%83%A0ABS%E3%83%95%E3%83%AD%E3%83%B3%E3%83%88%E3%83%90%E3%83%B3%E3%83%91%E3%83%BC%E3%82%B0%E3%83%AA%E3%83%AB1%E3%83%9A%E3%82%A22012-2014BMW1%E3%82%B7%E3%83%AA%E3%83%BC%E3%82%BApre HTTP/1.1" 200 7847 "-" "Mozilla/5.0 (Linux; Android 6.0.1; Nexus 5X Build/MMB29P) AppleWebKit/537.36 (KHTML, like Gecko) Chrome/140.0.7339.127 Mobile Safari/537.36 (compatible; Googlebot/2.1; +http://www.google.com/bot.html)"
57.141.6.19 - - [20/Sep/2025:02:51:04 +0300] "GET /?o=9029138072801& HTTP/1.1" 200 7847 "-" "meta-externalagent/1.1 (+https://developers.facebook.com/docs/sharing/webmasters/crawler)"
66.249.70.69 - - [20/Sep/2025:02:53:59 +0300] "GET /?o=8729944320307&channel=6b0342&from=blog.php%3Fid%3D443203-7663%26name%3DApple+iPhone+12+%E3%82%B0%E3%83%AA%E3%83%BC%E3%83%B3+128GB+%E7%AE%B1%E3%80%81%E4%BB%98%E5%B1%9E%E5%93%81%E3%81%82%E3%82%8A HTTP/1.1" 200 7847 "-" "Mozilla/5.0 (Linux; Android 6.0.1; Nexus 5X Build/MMB29P) AppleWebKit/537.36 (KHTML, like Gecko) Chrome/140.0.7339.127 Mobile Safari/537.36 (compatible; Googlebot/2.1; +http://www.google.com/bot.html)"
66.249.70.69 - - [20/Sep/2025:02:54:06 +0300] "GET /?o=06079123557000&channel=0e11bb&from=category-info.php%3Fid%3D1235570-2041%26name%3D%E3%82%B9%E3%83%86%E3%83%B3%E3%83%AC%E3%82%B9%E3%82%B9%E3%83%81%E3%83%BC%E3%83%AB%E5%89%AA%E5%AE%9A%E9%8B%8F%E3%80%81%E3%82%B9%E3%83%88%E3%83%AC%E3%83%BC%E3%83%88%E5%89%AA%E5%AE%9A%E9%8B%8F%E3%80%81%E5%A4%9A%E7%9B%AE%E7%9A%84%E8%B6%85%E9%8B%AD%E5%88%A9%E6%89%8B%E7%94%A8%E5%89%AA%E5%AE%9A%E9%8B%8F%E3%80%81%E5%BA%AD%E3%81%AE%E6%9E%9C%E7%89%A9%E3%82%84%E9%87%8E%E8%8F%9C%E3%81%AE%E5%8F%8E%E7%A9%AB%E7%94%A8 HTTP/1.1" 200 7847 "-" "Mozilla/5.0 (Linux; Android 6.0.1; Nexus 5X Build/MMB29P) AppleWebKit/537.36 (KHTML, like Gecko) Chrome/140.0.7339.127 Mobile Safari/537.36 (compatible; Googlebot/2.1; +http://www.google.com/bot.html)"
66.249.70.69 - - [20/Sep/2025:02:54:50 +0300] "GET /?o=757224603702&channel=7cc062&from=shop.php%3Fid%3D46037-2650%26name%3D%E3%83%93%E3%83%BC%E3%83%81%E3%83%91%E3%83%A9%E3%82%BD%E3%83%AB+%E3%83%91%E3%83%A9%E3%82%BD%E3%83%AB+180cm+%E3%83%81%E3%83%AB%E3%83%88%E6%A9%9F%E8%83%BD%E4%BB%98+%E3%83%91%E3%83%A9%E3%82%BD%E3%83%AB+%E9%A2%A8%E3%81%AB%E5%BC%B7%E3%81%84+%E3%83%95%E3%83%AA%E3%83%B3%E3%82%B8%E4%BB%98%E3%81%8D+%E5%BA%AD%E3%83%BB%E5%B1%8B%E5%A4%96%E3%83%BB%E3%82%A6%E3%83%83%E3%83%89%E3%83%87%E3%83%83%E3%82%AD%E3%83%BB%E5%85%AC%E5%9C%92%E3%83%BB%E3%82%AB%E3%83%95%E3%82%A7%E3%83%BB%E3%83%86%E3%83%A9%E3%82%B9 HTTP/1.1" 200 7847 "-" "Mozilla/5.0 (Linux; Android 6.0.1; Nexus 5X Build/MMB29P) AppleWebKit/537.36 (KHTML, like Gecko) Chrome/140.0.7339.127 Mobile Safari/537.36 (compatible; Googlebot/2.1; +http://www.google.com/bot.html)"
47.128.23.221 - - [20/Sep/2025:02:55:36 +0300] "GET /robots.txt HTTP/1.1" 200 7847 "-" "Mozilla/5.0 (Linux; Android 5.0) AppleWebKit/537.36 (KHTML, like Gecko) Mobile Safari/537.36 (compatible; Bytespider; spider-feedback@bytedance.com)"
66.249.70.71 - - [20/Sep/2025:02:55:43 +0300] "GET /?o=21677103164206&channel=a9e9dc&from=pin.php%3Fid%3D1031642-17442%26name%3DVaguelly+%E3%82%A8%E3%83%AC%E3%82%AD+%E3%82%AE%E3%82%BF%E3%83%BC+%E3%83%94%E3%83%83%E3%82%AF+%E3%82%AE%E3%82%BF%E3%83%BC+%E3%83%94%E3%83%83%E3%82%AF%E3%82%A2%E3%83%83%E3%83%97+%E3%82%AE%E3%82%BF%E3%83%BC+%E3%83%95%E3%83%AC%E3%83%83%E3%83%88%E3%83%9C%E3%83%BC%E3%83%89+%E3%83%8E%E3%83%BC%E3%83%88+%E3%83%87%E3%82%AB%E3%83%BC%E3%83%AB+%E3%82%AE%E3%82%BF%E3%83%BC+%E3%83%94%E3%83%83%E3%82%AF%E3%82%AC%E3%83%BC%E3%83%89+%E3%83%97%E3%83%AD HTTP/1.1" 200 7847 "-" "Mozilla/5.0 (Linux; Android 6.0.1; Nexus 5X Build/MMB29P) AppleWebKit/537.36 (KHTML, like Gecko) Chrome/140.0.7339.127 Mobile Safari/537.36 (compatible; Googlebot/2.1; +http://www.google.com/bot.html)"
57.141.6.20 - - [20/Sep/2025:02:56:42 +0300] "GET /?o=9483643983607& HTTP/1.1" 200 7847 "-" "meta-externalagent/1.1 (+https://developers.facebook.com/docs/sharing/webmasters/crawler)"
57.141.6.68 - - [20/Sep/2025:03:02:41 +0300] "GET /?o=2483052333507& HTTP/1.1" 200 7847 "-" "meta-externalagent/1.1 (+https://developers.facebook.com/docs/sharing/webmasters/crawler)"
57.141.6.15 - - [20/Sep/2025:03:06:57 +0300] "GET /?o=89776147781306& HTTP/1.1" 200 7847 "-" "meta-externalagent/1.1 (+https://developers.facebook.com/docs/sharing/webmasters/crawler)"
57.141.6.51 - - [20/Sep/2025:03:07:45 +0300] "GET /?o=5176099666614& HTTP/1.1" 200 7847 "-" "meta-externalagent/1.1 (+https://developers.facebook.com/docs/sharing/webmasters/crawler)"
47.82.11.45 - - [20/Sep/2025:03:11:13 +0300] "GET /?o=46062128920703&channel=337c5b&from=form.php?id%3D1289207-857%26name%3D%E3%82%B3%E3%83%AD%E3%83%B3%E3%83%93%E3%82%A2+%E7%99%BB%E5%B1%B1%E9%9D%B4+%E3%83%88%E3%83%AC%E3%83%83%E3%82%AD%E3%83%B3%E3%82%B0%E3%82%B7%E3%83%A5%E3%83%BC%E3%82%BA HTTP/1.1" 200 7847 "https://forkliftsafety.eu/" "Mozilla/5.0 (Macintosh; Intel Mac OS X 10_15_7) AppleWebKit/605.1.15 (KHTML, like Gecko) Version/18.3.1 Safari/605.1.15"
66.249.70.67 - - [20/Sep/2025:03:11:48 +0300] "GET /?o=2687364384400&channel=90fad5&from=shop.php%3Fid%3D643844-19505%26name%3D%E9%81%93%E8%B7%AF%E5%AE%89%E5%85%A8%E3%83%9F%E3%83%A9%E3%83%BC%E3%80%81%E6%80%A5%E3%82%AB%E3%83%BC%E3%83%96%E3%83%9F%E3%83%A9%E3%83%BC%E5%B1%B1%E9%81%93%E3%82%B9%E3%83%9D%E3%83%83%E3%83%88%E3%83%97%E3%83%A9%E3%82%B9%E3%83%81%E3%83%83%E3%82%AF%E5%BA%83%E8%A7%92%E5%86%85%E5%81%B4%E5%A4%96%E5%81%B4%E5%87%B8%E9%9D%A2%E9%8F%A1%E3%81%AB%E9%81%A9%E3%81%97%E3%81%A6%E3%81%84%E3%81%BE%E3%81%99+%28%E8%89%B2%3A+B%E3%80%81%E3%82%B5%E3%82%A4%E3%82%BA%3A+30CM%29 HTTP/1.1" 200 7847 "-" "Mozilla/5.0 (Linux; Android 6.0.1; Nexus 5X Build/MMB29P) AppleWebKit/537.36 (KHTML, like Gecko) Chrome/140.0.7339.127 Mobile Safari/537.36 (compatible; Googlebot/2.1; +http://www.google.com/bot.html)"
66.249.70.66 - - [20/Sep/2025:03:12:48 +0300] "GET /?o=7328379250200&channel=975620&from=shared.php%3Fid%3D792502-14261%26name%3D%E3%83%89%E3%83%A9%E3%82%B4%E3%83%B3%E3%83%9C%E3%83%BC%E3%83%AB%E3%82%B9%E3%83%BC%E3%83%91%E3%83%BC%E3%83%80%E3%82%A4%E3%83%90%E3%83%BC%E3%82%BA%E3%80%80%E3%83%97%E3%83%AD%E3%83%A2%E3%83%BC%E3%82%B7%E3%83%A7%E3%83%B3%E3%83%91%E3%83%83%E3%82%AF%E3%80%80%E3%83%99%E3%82%B8%E3%83%BC%E3%82%BF%E3%80%80%E5%8C%BF%E5%90%8D%E9%85%8D%E9%80%81 HTTP/1.1" 200 7847 "-" "Mozilla/5.0 (Linux; Android 6.0.1; Nexus 5X Build/MMB29P) AppleWebKit/537.36 (KHTML, like Gecko) Chrome/140.0.7339.127 Mobile Safari/537.36 (compatible; Googlebot/2.1; +http://www.google.com/bot.html)"
66.249.70.67 - - [20/Sep/2025:03:13:33 +0300] "GET /?o=1222026551503&channel=f3c325&from=shop.php%3Fid%3D265515-8916%26name%3D%E3%83%AA%E3%83%93%E3%83%B3%E3%82%B0%E3%83%AB%E3%83%BC%E3%83%A0%E3%83%AB%E3%83%BC%E3%83%A0%E3%83%87%E3%82%A3%E3%83%90%E3%82%A4%E3%83%80%E3%83%BC%E3%83%91%E3%83%8D%E3%83%AB%E8%A3%85%E9%A3%BE%E3%80%81%E3%83%AC%E3%83%83%E3%83%89%E3%82%A6%E3%83%83%E3%83%89%E3%83%97%E3%83%A9%E3%82%B9%E3%83%81%E3%83%83%E3%82%AF%E5%A4%A9%E4%BA%95%E5%90%8A%E3%82%8A%E4%B8%8B%E3%81%92%E3%83%AB%E3%83%BC%E3%83%A0%E3%82%BB%E3%83%91%E3%83%AC%E3%83%BC%E3%82%BF%E3%83%BC%E3%82%B9%E3%82%AF%E3%83%AA%E3%83%BC%E3%83%B3%E3%80%81DIY%E8%A3%85%E9%A3%BE%E5%B1%8B%E5%86%85%E3%83%91%E3%83%BC%E3%83%86%E3%82%A3 HTTP/1.1" 200 7847 "-" "Mozilla/5.0 (Linux; Android 6.0.1; Nexus 5X Build/MMB29P) AppleWebKit/537.36 (KHTML, like Gecko) Chrome/140.0.7339.127 Mobile Safari/537.36 (compatible; Googlebot/2.1; +http://www.google.com/bot.html)"
57.141.6.71 - - [20/Sep/2025:03:15:42 +0300] "GET /?o=0879357009300& HTTP/1.1" 200 7847 "-" "meta-externalagent/1.1 (+https://developers.facebook.com/docs/sharing/webmasters/crawler)"
66.249.70.66 - - [20/Sep/2025:03:21:10 +0300] "GET /?o=7978311512100&channel=25ead4&from=shop.php%3Fid%3D115121-3123%26name%3D5WK75010AA+%E5%B0%8E%E4%BD%93%E3%83%97%E3%83%AC%E3%83%BC%E3%83%88+5WK75010AA+TCU+TCM+%E3%83%90%E3%83%AB%E3%83%96%E3%83%9C%E3%83%87%E3%82%A3%E3%82%B3%E3%83%B3%E3%83%88%E3%83%AD%E3%83%BC%E3%83%AB%E3%83%A6%E3%83%8B%E3%83%83%E3%83%88+%E3%81%A8%E4%BA%92%E6%8F%9B%E6%80%A7%E3%81%8C%E3%81%82%E3%82%8B+BMW HTTP/1.1" 200 7847 "-" "Mozilla/5.0 (Linux; Android 6.0.1; Nexus 5X Build/MMB29P) AppleWebKit/537.36 (KHTML, like Gecko) Chrome/140.0.7339.127 Mobile Safari/537.36 (compatible; Googlebot/2.1; +http://www.google.com/bot.html)"
57.141.6.72 - - [20/Sep/2025:03:22:11 +0300] "GET /?o=5994224185504& HTTP/1.1" 200 7847 "-" "meta-externalagent/1.1 (+https://developers.facebook.com/docs/sharing/webmasters/crawler)"
47.82.11.47 - - [20/Sep/2025:03:22:51 +0300] "GET /?o=5188593139004&channel=0bbc41&from=shared.php?id%3D931390-24961%26name%3D%E3%83%9C%E3%83%93%E3%83%BC%E3%83%8E+%E3%82%B8%E3%83%83%E3%83%91%E3%83%BC%E3%82%AF%E3%83%AA%E3%83%83%E3%83%97+2%E5%80%8B%E3%82%BB%E3%83%83%E3%83%88+%E9%98%B2%E7%8A%AF+%E3%83%AA%E3%83%A5%E3%83%83%E3%82%AF+%E3%82%B8%E3%83%83%E3%83%91%E3%83%BC%E3%82%AF%E3%83%AA%E3%83%83%E3%83%97+%E3%83%95%E3%82%A1%E3%82%B9%E3%83%8A%E3%83%BC%E3%82%AF%E3%83%AA%E3%83%83%E3%83%97+%E3%83%95%E3%82%A1%E3%82%B9%E3%83%8A%E3%83%BC%E3%83%AD%E3%83%83%E3%82%AF+%E3%82%B8%E3%83%83%E3%83%91%E3%83%BC%E3%83%AD%E3%83%83%E3%82%AF+%E7%9B%97%E9%9B%A3%E9%98%B2%E6%AD%A2+%E9%98%B2%E7%8A%AF%E3%82%B0%E3%83%83%E3%82%BA HTTP/1.1" 200 7847 "https://www.forkliftsafety.eu/" "Mozilla/5.0 (Macintosh; Intel Mac OS X 10_15_7) AppleWebKit/537.36 (KHTML, like Gecko) Chrome/134.0.0.0 Safari/537.36"
66.249.70.66 - - [20/Sep/2025:03:24:38 +0300] "GET /?o=19780121158900&channel=4cc023&from=article.php%3Fid%3D1211589-10283%26name%3D%E6%89%89%E3%81%AB%E6%8E%9B%E3%81%91%E3%82%8B%E6%8A%98%E3%82%8A%E3%81%9F%E3%81%9F%E3%81%BF%E3%81%8F%E3%81%9A%E5%85%A5%E3%82%8C+%E5%B0%8F+%E6%96%B0%E5%93%81+%E3%82%AB%E3%82%A4%E3%83%B3%E3%82%BA+%E3%82%B4%E3%83%9F%E7%AE%B1 HTTP/1.1" 200 7847 "-" "Mozilla/5.0 (Linux; Android 6.0.1; Nexus 5X Build/MMB29P) AppleWebKit/537.36 (KHTML, like Gecko) Chrome/140.0.7339.127 Mobile Safari/537.36 (compatible; Googlebot/2.1; +http://www.google.com/bot.html)"
66.249.70.66 - - [20/Sep/2025:03:24:47 +0300] "GET /?o=99227135762700&channel=48cc62&from=category-info.php%3Fid%3D1357627-14403%26name%3DTOKUTAKE+%E3%81%82%E3%82%86%E3%81%BF%E3%80%80%E3%83%A1%E3%83%83%E3%82%B7%E3%83%A5%E9%99%A2%E5%86%85%E7%94%A8%E3%82%B7%E3%83%A5%E3%83%BC%E3%82%BA+LL%E3%82%B5%E3%82%A4%E3%82%BA+%E3%82%B0%E3%83%AC%E3%83%BC HTTP/1.1" 200 7847 "-" "Mozilla/5.0 (Linux; Android 6.0.1; Nexus 5X Build/MMB29P) AppleWebKit/537.36 (KHTML, like Gecko) Chrome/140.0.7339.127 Mobile Safari/537.36 (compatible; Googlebot/2.1; +http://www.google.com/bot.html)"
66.249.70.66 - - [20/Sep/2025:03:25:36 +0300] "GET /?o=40439135741406&channel=dc2473&from=brands.php%3Fid%3D1357414-12368%26name%3D%E3%82%AE%E3%83%97%E3%82%B9%E3%82%B7%E3%83%A5%E3%83%BC%E3%82%BA+%E3%82%AE%E3%83%96%E3%82%B9%E3%82%B7%E3%83%A5%E3%83%BC%E3%82%BA+%E4%B8%A1%E8%B6%B3%E5%85%BC%E7%94%A8+28%7E29%E3%8E%9D+%E3%83%9E%E3%82%B8%E3%83%83%E3%82%AF%E3%83%86%E3%83%BC%E3%83%97+%E4%BB%8B%E8%AD%B7XL HTTP/1.1" 200 7847 "-" "Mozilla/5.0 (Linux; Android 6.0.1; Nexus 5X Build/MMB29P) AppleWebKit/537.36 (KHTML, like Gecko) Chrome/140.0.7339.127 Mobile Safari/537.36 (compatible; Googlebot/2.1; +http://www.google.com/bot.html)"
66.249.70.65 - - [20/Sep/2025:03:25:52 +0300] "GET /?o=20822143676206&channel=48c122&from=jp.php%3Fid%3D1436762-7369%26name%3D%E9%81%8A%E6%88%AF%E7%8E%8B%E3%80%80%E7%A0%82%E5%A1%B5%E3%81%AE%E5%A4%A7%E7%AB%9C%E5%B7%BB%E3%80%80%E3%82%B9%E3%83%BC%E3%83%91%E3%83%BC%E3%83%AC%E3%82%A2%E3%80%80PSV-EN011+%E8%8B%B1%E8%AA%9E%E7%89%88%E3%80%80%E5%AE%8C%E5%85%A8%E3%83%97%E3%83%AC%E3%82%A4%E7%94%A8 HTTP/1.1" 200 7847 "-" "Mozilla/5.0 (Linux; Android 6.0.1; Nexus 5X Build/MMB29P) AppleWebKit/537.36 (KHTML, like Gecko) Chrome/140.0.7339.127 Mobile Safari/537.36 (compatible; Googlebot/2.1; +http://www.google.com/bot.html)"
57.141.6.26 - - [20/Sep/2025:03:25:55 +0300] "GET /?o=57203141929901& HTTP/1.1" 200 7847 "-" "meta-externalagent/1.1 (+https://developers.facebook.com/docs/sharing/webmasters/crawler)"
66.249.70.71 - - [20/Sep/2025:03:26:30 +0300] "GET /?o=9412294179204&channel=3f8777&from=category-info.php%3Fid%3D941792-18618%26name%3D%E6%9C%AC%E7%89%A9%E3%82%AB%E3%83%BC%E3%83%9C%E3%83%B3+%E3%82%B7%E3%83%A7%E3%83%BC%E3%83%88%E3%82%A2%E3%83%B3%E3%83%86%E3%83%8A+%E3%81%84%E3%81%AB+%E3%83%88%E3%83%A8%E3%82%BF+%E3%83%B4%E3%82%A3%E3%83%83%E3%83%84+KSP90+SCP90+NCP91+%E3%83%96%E3%83%A9%E3%83%83%E3%82%AF%E3%82%AB%E3%83%BC%E3%83%9C%E3%83%B3%2F%E3%82%B7%E3%83%AB%E3%83%90%E3%83%BC%E3%83%A1%E3%83%83%E3%82%AD+%E5%9B%BA%E5%AE%9A%E3%82%BF%E3%82%A4%E3%83%97 HTTP/1.1" 200 7847 "-" "Mozilla/5.0 (Linux; Android 6.0.1; Nexus 5X Build/MMB29P) AppleWebKit/537.36 (KHTML, like Gecko) Chrome/140.0.7339.127 Mobile Safari/537.36 (compatible; Googlebot/2.1; +http://www.google.com/bot.html)"
66.249.70.70 - - [20/Sep/2025:03:28:29 +0300] "GET /?o=4197224819601&channel=a5cf07&from=blog.php%3Fid%3D248196-7726%26name%3D%E3%82%A2%E3%83%88%E3%83%AA%E3%82%A8gg++%E3%82%B7%E3%83%A3%E3%83%84%E3%80%80%E8%B5%A4 HTTP/1.1" 200 7847 "-" "Mozilla/5.0 (Linux; Android 6.0.1; Nexus 5X Build/MMB29P) AppleWebKit/537.36 (KHTML, like Gecko) Chrome/140.0.7339.127 Mobile Safari/537.36 (compatible; Googlebot/2.1; +http://www.google.com/bot.html)"
66.249.70.70 - - [20/Sep/2025:03:28:40 +0300] "GET /?o=11196101765401&channel=344768&from=article.php%3Fid%3D1017654-3554%26name%3D%E3%82%A8%E3%82%A2%E3%83%AD%E3%83%AC%E3%82%B6%E3%83%BCA-2+size38 HTTP/1.1" 200 7847 "-" "Mozilla/5.0 (Linux; Android 6.0.1; Nexus 5X Build/MMB29P) AppleWebKit/537.36 (KHTML, like Gecko) Chrome/140.0.7339.127 Mobile Safari/537.36 (compatible; Googlebot/2.1; +http://www.google.com/bot.html)"
66.249.70.68 - - [20/Sep/2025:03:29:00 +0300] "GET /?o=88320126520203&channel=c6aa6f&from=shop.php%3Fid%3D1265202-10144%26name%3D%E4%BB%BB%E5%A4%A9%E5%A0%82+Nintendo+DS+i+%E3%81%A8%E3%81%A9%E3%81%BE%E3%81%A3+%E3%83%96%E3%83%A9%E3%83%83%E3%82%AF%2F%E3%82%B8%E3%83%A3%E3%83%B3%E3%82%AF%E5%93%81 HTTP/1.1" 200 7847 "-" "Mozilla/5.0 (Linux; Android 6.0.1; Nexus 5X Build/MMB29P) AppleWebKit/537.36 (KHTML, like Gecko) Chrome/140.0.7339.127 Mobile Safari/537.36 (compatible; Googlebot/2.1; +http://www.google.com/bot.html)"
57.141.6.24 - - [20/Sep/2025:03:29:25 +0300] "GET /?o=2837010021207& HTTP/1.1" 200 7847 "-" "meta-externalagent/1.1 (+https://developers.facebook.com/docs/sharing/webmasters/crawler)"
66.249.70.68 - - [20/Sep/2025:03:29:28 +0300] "GET /?o=48092162993500&channel=ded7f1&from=jp.php%3Fid%3D1629935-24981%26name%3D%E3%82%AB%E3%83%AB%E3%83%93%E3%83%BC%E3%83%97%E3%83%AD%E9%87%8E%E7%90%83%E3%83%81%E3%83%83%E3%83%97%E3%82%B9%E3%82%AB%E3%83%BC%E3%83%89%E3%80%80%E3%83%AC%E3%82%AE%E3%83%A5%E3%83%A9%E3%83%BC%EF%BC%86%E3%82%AD%E3%83%A9MIX%E3%80%802019%E3%80%9C2020 HTTP/1.1" 200 7847 "-" "Mozilla/5.0 (Linux; Android 6.0.1; Nexus 5X Build/MMB29P) AppleWebKit/537.36 (KHTML, like Gecko) Chrome/140.0.7339.127 Mobile Safari/537.36 (compatible; Googlebot/2.1; +http://www.google.com/bot.html)"
66.249.70.68 - - [20/Sep/2025:03:29:49 +0300] "GET /?o=1017681353704&channel=723de0&from=blog.php%3Fid%3D813537-11351%26name%3D%E3%82%B5%E3%83%83%E3%82%AB%E3%83%BC%E6%97%A5%E6%9C%AC%E4%BB%A3%E8%A1%A8+%E7%AA%81%E7%A0%B4%E8%A8%98%E5%BF%B5%E3%83%A6%E3%83%8B%E3%83%95%E3%82%A9%E3%83%BC%E3%83%A0 HTTP/1.1" 200 7847 "-" "Mozilla/5.0 (Linux; Android 6.0.1; Nexus 5X Build/MMB29P) AppleWebKit/537.36 (KHTML, like Gecko) Chrome/140.0.7339.127 Mobile Safari/537.36 (compatible; Googlebot/2.1; +http://www.google.com/bot.html)"
66.249.70.68 - - [20/Sep/2025:03:29:56 +0300] "GET /?o=79517162438004&channel=fde9fe&from=jp.php%3Fid%3D1624380-10234%26name%3DM2.5+M3+M4+M5+M6+M10+M12+%E3%82%B9%E3%83%86%E3%83%B3%E3%83%AC%E3%82%B9%E9%8B%BC%E5%86%85%E5%81%B4%E5%A4%96%E5%81%B4%E3%81%AD%E3%81%98%E3%82%A2%E3%83%80%E3%83%97%E3%82%BF%E3%81%AD%E3%81%98%E3%82%B7%E3%83%BC%E3%82%B9%E3%81%AD%E3%81%98%E3%82%A4%E3%83%B3%E3%82%B5%E3%83%BC%E3%83%88%E3%82%B9%E3%83%AA%E3%83%BC%E3%83%96%E5%A4%89%E6%8F%9B%E3%83%8A%E3%83%83%E3%83%88+%28Co HTTP/1.1" 200 7847 "-" "Mozilla/5.0 (Linux; Android 6.0.1; Nexus 5X Build/MMB29P) AppleWebKit/537.36 (KHTML, like Gecko) Chrome/140.0.7339.127 Mobile Safari/537.36 (compatible; Googlebot/2.1; +http://www.google.com/bot.html)"
57.141.6.6 - - [20/Sep/2025:03:29:59 +0300] "GET /?o=99120136295800& HTTP/1.1" 200 7847 "-" "meta-externalagent/1.1 (+https://developers.facebook.com/docs/sharing/webmasters/crawler)"
66.249.70.70 - - [20/Sep/2025:03:31:54 +0300] "GET /?o=851208484902&channel=5ea876&from=form.php%3Fid%3D84849-2218%26name%3DMARW+UNITED+ARROWS+%E3%82%B7%E3%83%AB%E3%83%90%E3%83%BC%E3%83%81%E3%83%A7%E3%83%BC%E3%82%AB%E3%83%BC+%E6%9C%AA%E4%BD%BF%E7%94%A8%E5%93%81 HTTP/1.1" 200 7847 "-" "Mozilla/5.0 (Linux; Android 6.0.1; Nexus 5X Build/MMB29P) AppleWebKit/537.36 (KHTML, like Gecko) Chrome/140.0.7339.127 Mobile Safari/537.36 (compatible; Googlebot/2.1; +http://www.google.com/bot.html)"
66.249.70.68 - - [20/Sep/2025:03:32:12 +0300] "GET /?o=00933147898300&channel=72f6c8&from=brands.php%3Fid%3D1478983-30279%26name%3D%E2%96%A0%E9%80%81%E6%96%99%E7%84%A1%E6%96%99%E3%80%80%E2%96%A0%E5%8D%B3%E6%B1%BA%E3%80%80%E2%96%A0%E5%8B%95%E4%BD%9C%E4%BF%9D%E8%A8%BC+rouB+819+%E3%83%AA%E3%83%A2%E3%82%B3%E3%83%B3+%E3%80%80%E6%9D%B1%E8%8A%9D%E3%80%80WH-F2S HTTP/1.1" 200 7847 "-" "Mozilla/5.0 (Linux; Android 6.0.1; Nexus 5X Build/MMB29P) AppleWebKit/537.36 (KHTML, like Gecko) Chrome/140.0.7339.127 Mobile Safari/537.36 (compatible; Googlebot/2.1; +http://www.google.com/bot.html)"
66.249.70.68 - - [20/Sep/2025:03:32:55 +0300] "GET /?o=0881142344200&channel=179035&from=shop.php%3Fid%3D423442-13549%26name%3DNational+%E8%87%AA%E5%8B%95%E3%83%88%E3%83%BC%E3%82%B9%E3%82%BF%E3%83%BC%E3%80%80NT-671+%E6%98%AD%E5%92%8C%E3%83%AC%E3%83%88%E3%83%AD%E3%80%80%E6%9C%AA%E4%BD%BF%E7%94%A8%E6%96%B0%E5%93%81 HTTP/1.1" 200 7847 "-" "Mozilla/5.0 (Linux; Android 6.0.1; Nexus 5X Build/MMB29P) AppleWebKit/537.36 (KHTML, like Gecko) Chrome/140.0.7339.127 Mobile Safari/537.36 (compatible; Googlebot/2.1; +http://www.google.com/bot.html)"
66.249.70.68 - - [20/Sep/2025:03:37:12 +0300] "GET /?o=29728116601306&channel=089055&from=news.php%3Fid%3D1166013-6379%26name%3D4%E5%80%8B+%E3%83%8F%E3%83%B3%E3%82%AC%E3%83%BC+%E3%82%B3%E3%83%BC%E3%83%88+%E5%B8%83+%E9%96%A2%E6%95%B0+%E5%A5%B3%E6%80%A7+%E5%B1%8B%E5%86%85+%E9%87%8D%E3%81%84+%E3%83%91%E3%83%83%E3%83%89%E5%85%A5%E3%82%8A+%E5%A4%9A%E6%95%B0+%E6%B4%8B%E6%9C%8D%E6%8E%9B%E3%81%91%E3%83%A9%E3%83%83%E3%82%AF+%E3%83%97%E3%83%A9%E3%82%B9%E3%83%81%E3%83%83%E3%82%AF+Transparent HTTP/1.1" 200 7847 "-" "Mozilla/5.0 (Linux; Android 6.0.1; Nexus 5X Build/MMB29P) AppleWebKit/537.36 (KHTML, like Gecko) Chrome/140.0.7339.127 Mobile Safari/537.36 (compatible; Googlebot/2.1; +http://www.google.com/bot.html)"
57.141.6.64 - - [20/Sep/2025:03:38:26 +0300] "GET /?o=7083179424505& HTTP/1.1" 200 7847 "-" "meta-externalagent/1.1 (+https://developers.facebook.com/docs/sharing/webmasters/crawler)"
